{"id":760,"date":"2023-10-08T18:32:56","date_gmt":"2023-10-08T18:32:56","guid":{"rendered":"https:\/\/camaratravel.com\/?page_id=760"},"modified":"2023-11-10T05:20:54","modified_gmt":"2023-11-10T05:20:54","slug":"mt-60033-costa-del-pacifico-navigator-of-the-seas","status":"publish","type":"page","link":"https:\/\/camaratravel.com\/?page_id=760","title":{"rendered":"MT-60033 Costa del Pac\u00edfico Navigator of the Seas"},"content":{"rendered":"\n<div class=\"wp-block-cover\" style=\"padding-top:var(--wp--preset--spacing--80);padding-bottom:var(--wp--preset--spacing--80);min-height:50px;aspect-ratio:unset;\"><span aria-hidden=\"true\" class=\"wp-block-cover__background has-vivid-cyan-blue-background-color has-background-dim-100 has-background-dim\"><\/span><div class=\"wp-block-cover__inner-container is-layout-flow wp-block-cover-is-layout-flow\">\n<p class=\"has-text-align-center has-large-font-size\"><\/p>\n<\/div><\/div>\n\n\n\n<figure class=\"wp-block-image aligncenter\"><img decoding=\"async\" src=\"https:\/\/one.cdnmega.com\/images\/viajes\/covers\/1024x575px-navigator-seas-costa-pacifico-65170694d2547_651706cc0042a.webp\" alt=\"\"\/><\/figure>\n\n\n\n<p>MT-60015 Caribe Oasis of the Seas<\/p>\n\n\n\n<p><strong>Ciudades Visitadas:<\/strong>&nbsp;Estados Unidos, M\u00e9xico<\/p>\n\n\n\n<p><strong>Duraci\u00f3n:<\/strong>&nbsp;8 D\u00edas y 7 Noches<\/p>\n\n\n\n<p><strong>Desde:<\/strong>6390 MXN + 6455 Imp<\/p>\n\n\n\n<p><strong>Fecha(s) de salida:<\/strong><\/p>\n\n\n\n<p><br>NOVIEMBRE 27, 2023<\/p>\n\n\n\n<p><strong>Vigencia:<\/strong>&nbsp;Precios vigentes hasta el 27\/11\/2023<\/p>\n\n\n\n<p><strong>Aerolinea<\/strong><\/p>\n\n\n\n<h5 class=\"wp-block-heading\">SOLO CRUCERO<\/h5>\n\n\n\n<p>Itinerario<\/p>\n\n\n\n<p><strong>*** NAVIGATOR OF THE SEAS ***&nbsp;<\/strong><br>Una atracci\u00f3n en s\u00ed mismo, el barco Navigator of the Seas es todo un centro vacacional en altamar, completo de instalaciones y servicios. Tome parte en las divertidas actividades como el patinaje sobre hielo, la pared de escala o el minigolf. Una pista de patinaje en l\u00ednea, el simulador de golf, las canchas de voleibol y baloncesto son las atracciones favoritas para los aficionados a los deportes. El Adventure Ocean proporciona horas de entretenimiento a los chicos de las edades 3 a 17, incluyendo dos a\u00e9reas \u00fanicas para adolescentes, sala de estar y el sal\u00f3n de baile Fuel Dance Club. Nunca padecer\u00e1 de hambre en el Navigator of the Seas, con la gran variedad de restaurantes disponibles, goce del atento servicio y la excelente cocina en los fabulosos comedores principales del barco.<\/p>\n\n\n\n<p><strong>NOVIEMBRE 27&nbsp;&nbsp; &nbsp;&nbsp;&nbsp; &nbsp;&nbsp;&nbsp; &nbsp;LOS \u00c1NGELES (SAN PEDRO) \u2013 CALIFORNIA (EE. UU)<\/strong><br>Una ciudad rica en diversidad y cultura, Los \u00c1ngeles ofrece a los viajeros de todas las edades mucho que hacer mientras visitan la costa del sur de California. Explore las tiendas a lo largo de Rodeo Drive en el legendario Beverly Hills, pasee por un paseo mar\u00edtimo o emp\u00e1pese de las vistas y los sonidos de Hollywood. Los visitantes tambi\u00e9n pueden asistir a una variedad de eventos deportivos, visitar uno de los m\u00e1s de 800 museos de arte de la zona y ver surfistas y patinadores expertos en Venice Beach. A la hora prevista elevaci\u00f3n de anclas para embarcarnos al Navigator of the Seas.<\/p>\n\n\n\n<p><strong>NOVIEMBRE 28&nbsp;&nbsp; &nbsp;&nbsp;&nbsp; &nbsp;&nbsp;&nbsp; &nbsp;ALTAMAR<\/strong>&nbsp;<br>Cuando cae la noche y las estrellas salen a relucir tambi\u00e9n comienza una de las actividades m\u00e1s divertidas a bordo. Gracias a la enorme pantalla de m\u00e1s de 20m\u00b2 de la piscina principal puedes ver en familia de las mejores pel\u00edculas de estreno en este extraordinario cine al aire libre. Toma tu asiento, rel\u00e1jate y disfruta este momento \u00fanico. El s\u00e9ptimo arte bajo las estrellas de alta mar.<\/p>\n\n\n\n<p><strong>NOVIEMBRE 29&nbsp;&nbsp; &nbsp;&nbsp;&nbsp; &nbsp;&nbsp;&nbsp; &nbsp;CABO SAN LUCAS \u2013 MEXICO&nbsp;<\/strong><br>La amplitud y belleza de Cabo San Lucas se personifica en El Arco, un arco de roca ascendente en la confluencia del Oc\u00e9ano Pac\u00edfico y el Mar de Cort\u00e9s. Un paseo en bote con fondo de cristal hasta este punto de referencia, que navega junto a una colonia de lobos marinos, es solo una de las excursiones que se ofrecen en este puerto, ubicado en el extremo sur de la Pen\u00ednsula de Baja California en M\u00e9xico. Navegue en kayak por Pelican Rock, descubra la vida marina mientras practica esn\u00f3rquel en la Bah\u00eda de Chileno, explore las monta\u00f1as de la Sierra de la Laguna en una caminata o conduzca un veh\u00edculo todo terreno sobre las dunas costeras. Un pase de un d\u00eda con todo incluido le permite disfrutar de las piscinas y otras comodidades de un resort, mientras que un viaje a Lover&#8217;s Beach har\u00e1 maravillas para su bronceado. De diciembre a abril, aborde un crucero de avistamiento de ballenas para ver las numerosas especies que migran a las acogedoras aguas de Cabo.<\/p>\n\n\n\n<p><strong>NOVIEMBRE 30&nbsp;&nbsp; &nbsp;&nbsp;&nbsp; &nbsp;&nbsp;&nbsp; &nbsp;MAZATLAN \u2013 MEXICO&nbsp;<\/strong><br>Mazatl\u00e1n es la capital mundial de la pesca deportiva. A medida que el barco llega al puerto, los pasajeros podr\u00e1n ver el faro de El Faro, el segundo faro m\u00e1s alto del mundo. Las excursiones m\u00e1s populares son los recorridos por la ciudad que visitan la plaza principal, el distrito hist\u00f3rico y las playas, y un recorrido de todo el d\u00eda a las monta\u00f1as de la Sierra Madre para ver los pueblos de Concordia y Copola.<\/p>\n\n\n\n<p><strong>DICIEMBRE 01&nbsp;&nbsp; &nbsp;&nbsp;&nbsp; &nbsp;&nbsp;&nbsp; &nbsp;PUERTO VALLARTA \u2013 MEXICO &nbsp;<\/strong><br>Desde que este puerto fue descubierto como un lugar vacacional privilegiado en la d\u00e9cada de 1960, se ha convertido en el hogar de resorts de lujo y hermosas villas. Pero el tranquilo pasado de la ciudad a\u00fan es evidente en sus encantadores patios, calles empedradas y mercados. Las excursiones m\u00e1s populares visitan Gringo Gulch, la plaza del pueblo y la singular catedral. Siempre hay compras y paseos a caballo o relajarse en la playa.<\/p>\n\n\n\n<p><strong>DICIEMBRE 02 &#8211; 03&nbsp;&nbsp; &nbsp;&nbsp;&nbsp; &nbsp;ALTAMAR&nbsp;<\/strong><br>La pista de hielo del Studio B es capaz de llenarse de magia cada noche en los espectaculares shows con patinadores profesionales. Verdaderas producciones propias capaces de unir coreograf\u00edas y m\u00fasica en directo con una decoraci\u00f3n, iluminaci\u00f3n y vestuario espectaculares. Verdadera fantas\u00eda sobre hielo capaz de transportarte a mundos m\u00e1gicos.<\/p>\n\n\n\n<p><strong>DICIEMBRE 04&nbsp;&nbsp; &nbsp;&nbsp;&nbsp; &nbsp;&nbsp;&nbsp; &nbsp;LOS \u00c1NGELES \u2013 ESTADOS UNIDOS<\/strong><br>Desembarque a la hora indicada por la naviera.<br>&nbsp;<strong>&nbsp;&nbsp;&nbsp;&nbsp;&#8230;FIN DE NUESTROS SERVICIOS<\/strong><\/p>\n\n\n\n<p>Precios y Hoteles:<\/p>\n\n\n\n<figure class=\"wp-block-table\"><table><tbody><tr><td colspan=\"2\"><strong>PRECIOS POR PERSONA, SOLO CRUCERO, EN MXN<\/strong><\/td><\/tr><tr><td><strong>Categor\u00eda<\/strong><\/td><td><strong>1er y 2do pasajero<\/strong><\/td><\/tr><tr><td>4V\u2013 INTERIOR GARANTIZADA<\/td><td>$ 6,390.00<\/td><\/tr><tr><td>IMPUESTOS PORTUARIOS<\/td><td>$ 6,455.00<\/td><\/tr><tr><td>PROPINAS<\/td><td>$ 2,165.00<\/td><\/tr><tr><td colspan=\"2\"><strong>TARIFAS SUJETAS A DISPONIBILIDAD Y CAMBIOS SIN PREVIO AVISO<\/strong><\/td><\/tr><\/tbody><\/table><\/figure>\n\n\n\n<figure class=\"wp-block-table\"><table><tbody><tr><td colspan=\"2\"><strong>SALIDAS DISPONIBLES<\/strong><\/td><\/tr><tr><td><strong>OCTUBRE<\/strong><\/td><td>16<\/td><\/tr><tr><td><strong>NOVIEMBRE<\/strong><\/td><td>10, 20<\/td><\/tr><tr><td><strong>DICIEMBRE<\/strong><\/td><td>22, 29<\/td><\/tr><tr><td colspan=\"2\"><strong>LA TARIFA DEPENDE DE LA FECHA DE SALIDA<\/strong><\/td><\/tr><\/tbody><\/table><\/figure>\n\n\n\n<p>El paquete incluye<\/p>\n\n\n\n<ul class=\"wp-block-list\">\n<li>07 noches de crucero.<\/li>\n\n\n\n<li>Hospedaje en la categor\u00eda seleccionada de crucero.<\/li>\n\n\n\n<li>Alimentos tipo buffet (desayuno, comida y cena) en restaurante principal.<\/li>\n\n\n\n<li>Acceso a las \u00e1reas p\u00fablicas del barco (albercas, casino, canchas deportivas, tiendas, biblioteca, teatro, cine, disco y bares).<\/li>\n<\/ul>\n\n\n\n<p>El paquete no incluye:<\/p>\n\n\n\n<ul class=\"wp-block-list\">\n<li>Bebidas (alcoh\u00f3licas, embotelladas y enlatadas).<\/li>\n\n\n\n<li>Excursiones.<\/li>\n\n\n\n<li>Restaurantes de especialidades.<\/li>\n\n\n\n<li>Propinas.<\/li>\n\n\n\n<li>Gastos personales como llamadas telef\u00f3nicas, lavander\u00eda, internet, spa, etc.<\/li>\n\n\n\n<li>Ning\u00fan servicio no especificado como incluido.<\/li>\n<\/ul>\n","protected":false},"excerpt":{"rendered":"<p>MT-60015 Caribe Oasis of the Seas Ciudades Visitadas:&nbsp;Estados Unidos, M\u00e9xico Duraci\u00f3n:&nbsp;8 D\u00edas y 7 Noches Desde:6390 MXN + 6455 Imp Fecha(s) de salida: NOVIEMBRE 27, 2023 Vigencia:&nbsp;Precios vigentes hasta el 27\/11\/2023 Aerolinea SOLO CRUCERO Itinerario *** NAVIGATOR OF THE SEAS ***&nbsp;Una atracci\u00f3n en s\u00ed mismo, el barco Navigator of the Seas es todo un centro [&hellip;]<\/p>\n","protected":false},"author":1,"featured_media":0,"parent":0,"menu_order":0,"comment_status":"closed","ping_status":"closed","template":"","meta":{"om_disable_all_campaigns":false,"_monsterinsights_skip_tracking":false,"_monsterinsights_sitenote_active":false,"_monsterinsights_sitenote_note":"","_monsterinsights_sitenote_category":0,"site-sidebar-layout":"default","site-content-layout":"","ast-site-content-layout":"default","site-content-style":"default","site-sidebar-style":"default","ast-global-header-display":"","ast-banner-title-visibility":"","ast-main-header-display":"","ast-hfb-above-header-display":"","ast-hfb-below-header-display":"","ast-hfb-mobile-header-display":"","site-post-title":"disabled","ast-breadcrumbs-content":"","ast-featured-img":"","footer-sml-layout":"","ast-disable-related-posts":"","theme-transparent-header-meta":"","adv-header-id-meta":"","stick-header-meta":"","header-above-stick-meta":"","header-main-stick-meta":"","header-below-stick-meta":"","astra-migrate-meta-layouts":"set","ast-page-background-enabled":"default","ast-page-background-meta":{"desktop":{"background-color":"","background-image":"","background-repeat":"repeat","background-position":"center center","background-size":"auto","background-attachment":"scroll","background-type":"","background-media":"","overlay-type":"","overlay-color":"","overlay-opacity":"","overlay-gradient":""},"tablet":{"background-color":"","background-image":"","background-repeat":"repeat","background-position":"center center","background-size":"auto","background-attachment":"scroll","background-type":"","background-media":"","overlay-type":"","overlay-color":"","overlay-opacity":"","overlay-gradient":""},"mobile":{"background-color":"","background-image":"","background-repeat":"repeat","background-position":"center center","background-size":"auto","background-attachment":"scroll","background-type":"","background-media":"","overlay-type":"","overlay-color":"","overlay-opacity":"","overlay-gradient":""}},"ast-content-background-meta":{"desktop":{"background-color":"var(--ast-global-color-5)","background-image":"","background-repeat":"repeat","background-position":"center center","background-size":"auto","background-attachment":"scroll","background-type":"","background-media":"","overlay-type":"","overlay-color":"","overlay-opacity":"","overlay-gradient":""},"tablet":{"background-color":"var(--ast-global-color-5)","background-image":"","background-repeat":"repeat","background-position":"center center","background-size":"auto","background-attachment":"scroll","background-type":"","background-media":"","overlay-type":"","overlay-color":"","overlay-opacity":"","overlay-gradient":""},"mobile":{"background-color":"var(--ast-global-color-5)","background-image":"","background-repeat":"repeat","background-position":"center center","background-size":"auto","background-attachment":"scroll","background-type":"","background-media":"","overlay-type":"","overlay-color":"","overlay-opacity":"","overlay-gradient":""}},"footnotes":""},"class_list":["post-760","page","type-page","status-publish","hentry"],"aioseo_notices":[],"_links":{"self":[{"href":"https:\/\/camaratravel.com\/index.php?rest_route=\/wp\/v2\/pages\/760","targetHints":{"allow":["GET"]}}],"collection":[{"href":"https:\/\/camaratravel.com\/index.php?rest_route=\/wp\/v2\/pages"}],"about":[{"href":"https:\/\/camaratravel.com\/index.php?rest_route=\/wp\/v2\/types\/page"}],"author":[{"embeddable":true,"href":"https:\/\/camaratravel.com\/index.php?rest_route=\/wp\/v2\/users\/1"}],"replies":[{"embeddable":true,"href":"https:\/\/camaratravel.com\/index.php?rest_route=%2Fwp%2Fv2%2Fcomments&post=760"}],"version-history":[{"count":4,"href":"https:\/\/camaratravel.com\/index.php?rest_route=\/wp\/v2\/pages\/760\/revisions"}],"predecessor-version":[{"id":1698,"href":"https:\/\/camaratravel.com\/index.php?rest_route=\/wp\/v2\/pages\/760\/revisions\/1698"}],"wp:attachment":[{"href":"https:\/\/camaratravel.com\/index.php?rest_route=%2Fwp%2Fv2%2Fmedia&parent=760"}],"curies":[{"name":"wp","href":"https:\/\/api.w.org\/{rel}","templated":true}]}}