{"id":677,"date":"2023-10-08T17:42:33","date_gmt":"2023-10-08T17:42:33","guid":{"rendered":"https:\/\/camaratravel.com\/?page_id=677"},"modified":"2023-11-02T19:01:53","modified_gmt":"2023-11-02T19:01:53","slug":"mt-40018-escapate-a-barrancas-del-cobre","status":"publish","type":"page","link":"https:\/\/camaratravel.com\/?page_id=677","title":{"rendered":"MT-40018 Esc\u00e1pate a Barrancas del Cobre"},"content":{"rendered":"\n<div class=\"wp-block-cover aligncenter is-light\" style=\"padding-top:var(--wp--preset--spacing--80);padding-bottom:var(--wp--preset--spacing--80);min-height:52px;aspect-ratio:unset;\"><span aria-hidden=\"true\" class=\"wp-block-cover__background has-luminous-vivid-orange-background-color has-background-dim-100 has-background-dim\"><\/span><div class=\"wp-block-cover__inner-container is-layout-flow wp-block-cover-is-layout-flow\">\n<p class=\"has-text-align-center has-large-font-size\"><\/p>\n<\/div><\/div>\n\n\n\n<figure class=\"wp-block-image\"><img decoding=\"async\" src=\"https:\/\/one.cdnmega.com\/images\/viajes\/covers\/escapate-a-barrancas-del-cobre-1024x575_62685ef8bee9a.webp\" alt=\"\"\/><\/figure>\n\n\n\n<p>MT-40018 Esc\u00e1pate a Barrancas del Cobre<\/p>\n\n\n\n<p><strong>Ciudades Visitadas:<\/strong>&nbsp;M\u00e9xico<\/p>\n\n\n\n<p><strong>Duraci\u00f3n:<\/strong>&nbsp;5 D\u00edas y 4 Noches<\/p>\n\n\n\n<p><strong>Desde:<\/strong>12999 MXN + 1599 Imp<\/p>\n\n\n\n<p><strong>Fecha(s) de salida:<\/strong><\/p>\n\n\n\n<p><br>Noviembre: 02, 25<br>Diciembre: 07, 16<\/p>\n\n\n\n<h3 class=\"wp-block-heading\">Salidas para el a\u00f1o 2024<\/h3>\n\n\n\n<p>Enero: 04, 13, 18<br>Febrero: 03, 17, 22<br>Marzo: 02, 16<\/p>\n\n\n\n<p><strong>Vigencia:<\/strong>&nbsp;Precios vigentes hasta el 22\/02\/2024<\/p>\n\n\n\n<p><strong>Aerolinea<\/strong><\/p>\n\n\n\n<h5 class=\"wp-block-heading\">INCLUYE VUELO<\/h5>\n\n\n\n<figure class=\"wp-block-image\"><img decoding=\"async\" src=\"https:\/\/one.cdnmega.com\/images\/aerolineas\/iata\/AM.png\" alt=\"Aeromexico\"\/><\/figure>\n\n\n\n<figure class=\"wp-block-image\"><img decoding=\"async\" src=\"https:\/\/one.cdnmega.com\/images\/aerolineas\/iata\/Y4.png\" alt=\"Volaris\"\/><\/figure>\n\n\n\n<figure class=\"wp-block-image\"><img decoding=\"async\" src=\"https:\/\/one.cdnmega.com\/images\/aerolineas\/iata\/VB.png\" alt=\"Viva Aerobus\"\/><\/figure>\n\n\n\n<p><a href=\"http:\/\/leafletjs.com\/\">Leaflet<\/a><\/p>\n\n\n\n<p>Itinerario<\/p>\n\n\n\n<p><strong>ITINERARIO VERSI\u00d3N LIGHT<\/strong><\/p>\n\n\n\n<p><strong>D\u00cdA 1 CHIHUAHUA<\/strong><br>Cita en el aeropuerto del Cd. de M\u00e9xico a la hora indicada para tomar el vuelo M\u00e9xico- Chihuahua para llegar por la ma\u00f1ana. Recepci\u00f3n en el aeropuerto con un letrero con su nombre y traslado al hotel, tiempo libre para hacer un paseo (opcional no incluido) en la ciudad para recorrer los murales de Palacio de Gobierno, as\u00ed como la Catedral, Centro Cultural Universitario antes Quinta Gameros, la Casa de Pancho Villa Hoy Museo de la Revoluci\u00f3n (Admisiones no incluidas, los d\u00edas lunes no hay Museos abiertos). Alojamiento.<\/p>\n\n\n\n<p><strong>D\u00cdA 2&nbsp;CHIHUAHUA \u2013 CREEL<\/strong><br>Desayuno y salida hacia el lugar donde tomaremos el autob\u00fas que ira hacia el pueblo maderero de Creel. A la llegada los estar\u00e1 esperando el trasladista y los llevar\u00e1 al hotel. Dia libre para hacer un paseo (opcional no incluido) por los alrededores de Creel, visitando el Lago de Arareko, la Misi\u00f3n de San Ignacio, Valle de Los Hongos, Valle de las Ranas y una Cueva Tarahumara. Regreso a Creel tiempo para comer. Tarde libre para caminar por este pueblo m\u00e1gico. Alojamiento.<\/p>\n\n\n\n<p><strong>D\u00cdA 3 CREEL \u2013 BARRANCAS DEL COBRE&nbsp;\u2013 CREEL<\/strong><br>Despu\u00e9s del desayuno tiempo libre para actividades personales A las 11:00 am salida en autob\u00fas hacia las magn\u00edficas Barrancas del Cobre llegando aproximadamente a las 12:00 HRS justo para disfrutar de estas barrancas que te quitaran el aliento. Traslado al Parque Aventuras donde haremos una caminata con vista panor\u00e1mica a Piedra volada y ca\u00f1\u00f3n de Urique. Tendremos tiempo para hacer el tour al telef\u00e9rico y tirolesa (NO INCLUIDOS). Comida por cuenta del cliente. Por la tarde saldremos por carretera de regreso a Creel. Alojamiento.<\/p>\n\n\n\n<p><strong>D\u00cdA 4 CREEL \u2013 EL FUERTE<\/strong><br>Desayuno en el hotel, salida muy temprano para abordar el tren Chepe Express en clase turista que sale a las 08:00 de la ma\u00f1ana con destino a El Fuerte llegada a las 15:35 hrs. Tarde libre. Alojamiento.<br><small><strong>** POR DIFERENTES CAUSAS, EL TREN PUEDE RETRASARSE **<\/strong><\/small><\/p>\n\n\n\n<p><strong>D\u00cdA 5 EL FUERTE \u2013 LOS MOCHIS<\/strong><br>Desayuno en el hotel, ma\u00f1ana libre se recomienda hacer una caminata por este hermoso pueblo m\u00e1gico, o realizar un tour opcional por el R\u00eco El Fuerte o bien tour a la bah\u00eda de Topolobampo para conocer al famoso delf\u00edn Pechocho (tours no incluidos) Traslado a la hora indicada para tomar el vuelo de regreso a la Ciudad de origen.&nbsp;<\/p>\n\n\n\n<p><br><strong>ITINERARIO VERSI\u00d3N CL\u00c1SICA<\/strong><\/p>\n\n\n\n<p><strong>D\u00cdA 1 M\u00c9XICO&nbsp;\u2013 CHIHUAHUA<\/strong><br>Cita en el aeropuerto de la Ciudad de M\u00e9xico la hora indicada para tomar el vuelo a Chihuahua para llegar por la ma\u00f1ana. Recepci\u00f3n en el aeropuerto y traslado al hotel, tiempo libre para hacer un paseo (opcional) en la ciudad para recorrer los murales de Palacio de Gobierno, as\u00ed como la Catedral, Centro Cultural Universitario antes Quinta Gameros, la Casa de Pancho Villa Hoy Museo de la Revoluci\u00f3n (Admisiones no incluidas y lunes no hay Museos abiertos). Alojamiento<\/p>\n\n\n\n<p><strong>D\u00cdA 2 CHIAHUAHUA \u2013 CREEL&nbsp;<\/strong><br>Desayuno en el hotel, a las 09:00 Hrs saldremos hacia el pueblo maderero de Creel. Llegada tiempo libre para comer, registro en el hotel y m\u00e1s tarde haremos un paseo por los alrededores de Creel, visitando el Lago de Arareko, la Misi\u00f3n de San Ignacio, Valle de Los Hongos, Valle de las Ranas y una Cueva Tarahumara. Alojamiento.<\/p>\n\n\n\n<p><strong>D\u00cdA 3 CREEL \u2013 BARRANCAS DEL COBRE (AUTOB\u00daS)<\/strong><br>Desayuno. Esta ma\u00f1ana ser\u00e1 libre para descansar, tomar un paseo o visitar alguna de las tiendas de artesan\u00eda Tarahumara, le recomendamos no perderse la visita al Museo de Arte Tarahumara. A las 11:00HRS. Abordaremos el autob\u00fas con destino a las Mundialmente Famosas Barrancas del Cobre, llegando aprox las 12:00 hrs. Traslado directo al Parque Aventuras donde haremos una caminata con vista panor\u00e1mica a Piedra volada y ca\u00f1\u00f3n de Urique. Tiempo libre para hacer el tour al telef\u00e9rico y tirolesa (NO INCLUIDOS). Saldremos hacia el hotel en Barrancas del Cobre justo para hacer una caminata (Consultar horario en la recepci\u00f3n). a los diferentes miradores de la Barranca, cena y alojamiento.<\/p>\n\n\n\n<p><strong>D\u00cdA 4 BARRANCAS DEL COBRE \u2013 EL FUERTE (TREN CHEPE EXPRESS, CLASE TURISTA)<\/strong><br>Desayuno en el hotel. A las 09:00HRS saldremos caminando a la estaci\u00f3n para abordar el tren Chepe Express Turista hacia El Pueblo M\u00e1gico de El Fuerte. Llegada aprox 15:05 HRS y traslado al hotel. Tiempo libre para comer y hacer una caminata a este bonito Pueblo colonial. &nbsp;Le recomendamos hacer el tour opcional de Paseo en lancha por el r\u00edo Fuerte donde podr\u00e1 observar aves migratorias, y los petroglifos con antig\u00fcedad de 2 a 10 mil a\u00f1os. Duraci\u00f3n aproximada del tour 2 hrs. &nbsp;Alojamiento.<br><strong><small>** POR DIFERENTES CAUSAS, EL TREN PUEDE RETRASARSE **<\/small><\/strong><\/p>\n\n\n\n<p><strong>D\u00cdA 5 EL FUERTE \u2013 LOS MOCHIS&nbsp;<\/strong><br>Desayuno en el hotel, tiempo libre hasta la hora de su traslado al aeropuerto de los Mochis. Les recomendamos hacer el tour a la comunidad Mayo Yoreme donde es famosa la danza del venado o si bien prefiere ir a Topolobampo y conocer el famoso delf\u00edn pechocho. &nbsp;(Consultar precios). Su aventura llega a su fin con su traslado de salida.&nbsp;<\/p>\n\n\n\n<p><small><strong>**El itinerario puede sufrir modificaciones por causa de fuerza mayor y ajena a Mega Travel como paros, huelgas, bloqueos, retrasos de l\u00edneas a\u00e9reas**<br>** IMPORTANTE EN TEMPORADA DE LLUVIAS DONDE NO SEA POSIBLE LA OPERACI\u00d3N DEL TREN CHEPE EXPRESS, EL ITINERARIO PODR\u00cdA SUFRIR MODIFICACIONES**<\/strong><\/small><strong>&nbsp;&nbsp;&nbsp;&nbsp;&#8230;FIN DE NUESTROS SERVICIOS<\/strong><\/p>\n\n\n\n<p>Precios y Hoteles:<\/p>\n\n\n\n<figure class=\"wp-block-table\"><table><tbody><tr><td colspan=\"6\"><strong>SALIDAS 2023<\/strong><\/td><\/tr><tr><td><strong>VERSI\u00d3N<\/strong><\/td><td><strong>CPL<\/strong><\/td><td><strong>TRIPLE<\/strong><\/td><td><strong>DOBLE<\/strong><\/td><td><strong>SGL<\/strong><\/td><td><strong>MENOR<\/strong><\/td><\/tr><tr><td>Light<\/td><td>$ 12,999<\/td><td>$ 13,439<\/td><td>$ 13,939<\/td><td>$ 16,999<\/td><td>$ 11,439<\/td><\/tr><tr><td>Cl\u00e1sica<\/td><td>$ 15,799<\/td><td>$ 15,999<\/td><td>$ 16,999<\/td><td>$ 19,569<\/td><td>$ 11,749<\/td><\/tr><tr><td colspan=\"6\"><strong>SALIDAS 2024<\/strong><\/td><\/tr><tr><td><strong>VERSI\u00d3N<\/strong><\/td><td><strong>CPL<\/strong><\/td><td><strong>TRIPLE<\/strong><\/td><td><strong>DOBLE<\/strong><\/td><td><strong>SGL<\/strong><\/td><td><strong>MENOR<\/strong><\/td><\/tr><tr><td>Light<\/td><td>$13,399<\/td><td>$ 13,749<\/td><td>$ 14,249<\/td><td>$ 17,309<\/td><td>$ 11,749<\/td><\/tr><tr><td>Cl\u00e1sica<\/td><td>$ 16,199<\/td><td>$ 16,379<\/td><td>$ 17,379<\/td><td>$ 20,549<\/td><td>$ 11,999<\/td><\/tr><\/tbody><\/table><\/figure>\n\n\n\n<p><strong>IMPUESTOS Y SUPLEMENTOS<\/strong><\/p>\n\n\n\n<figure class=\"wp-block-table\"><table><tbody><tr><td>Impuestos A\u00e9reos<\/td><td>$ 1,599<\/td><\/tr><tr><td>Octubre: 21<br>Noviembre: 02, 25<br>Diciembre: 07, 16<\/td><td>$799<\/td><\/tr><tr><td colspan=\"10\"><strong>SUPLEMENTOS TEMPORADA TREN 2023<\/strong><\/td><\/tr><tr><td>Tren Chepe Express Clase Ejecutiva<\/td><td>$1,050<\/td><\/tr><tr><td>Tren Chepe Express Primera Clase<\/td><td>$2,050<\/td><\/tr><tr><td colspan=\"6\"><strong>SUPLEMENTOS TEMPORADA TREN 2024<\/strong><\/td><\/tr><tr><td>Tren Chepe Express Clase Ejecutiva<\/td><td>$1,150<\/td><\/tr><tr><td>Tren Chepe Express Primera Clase<\/td><td>$2,150<\/td><\/tr><\/tbody><\/table><\/figure>\n\n\n\n<p>\u2013 Precios por persona en MXN m\u00e1s impuestos.<br>\u2013 Los precios cambian constantemente, as\u00ed que te sugerimos la verificaci\u00f3n de estos, y no utilizar este documento como definitivo.<br>\u2013 Tarifas sujetas a cambios hasta el momento de su compra. Los impuestos pueden cambiar hasta el momento de la emisi\u00f3n del vuelo.<br>\u2013 Los impuestos pueden cambiar hasta el momento de la emisi\u00f3n del vuelo.<br>\u2013 Consultar tarifas para servicios solo terrestres, pueden aplicar cargos adicionales por traslados fuera de horario.<br>\u2013 * Sujetos a disponibilidad y confirmaci\u00f3n del Chepe<br>\u2013 * Tarifas de suplemento por mejor categor\u00eda en el Chepe NO comisionable.<\/p>\n\n\n\n<figure class=\"wp-block-table\"><table><tbody><tr><td colspan=\"4\"><strong>HOTELES PREVISTOS O SIMILARES<\/strong><\/td><\/tr><tr><td colspan=\"4\"><strong>VERSI\u00d3N LIGHT<\/strong><\/td><\/tr><tr><td><strong>HOTEL<\/strong><\/td><td><strong>CIUDAD<\/strong><\/td><td><strong>TIPO<\/strong><\/td><td><strong>PA\u00cdS<\/strong><\/td><\/tr><tr><td>Plaza Chihuahua \/ BW Mirador&nbsp;<\/td><td>Chihuahua<\/td><td>Turista<\/td><td>M\u00e9xico<\/td><\/tr><tr><td>Sierra Bonita \/ Cascada Inn<\/td><td>Creel<\/td><td>Turista<\/td><td>M\u00e9xico<\/td><\/tr><tr><td>Mansion Serrano o similar<\/td><td>El Fuerte<\/td><td>Turista<\/td><td>M\u00e9xico<\/td><\/tr><tr><td colspan=\"4\"><strong>VERSI\u00d3N CL\u00c1SICA<\/strong><\/td><\/tr><tr><td><strong>HOTEL<\/strong><\/td><td><strong>CIUDAD<\/strong><\/td><td><strong>TIPO<\/strong><\/td><td><strong>PA\u00cdS<\/strong><\/td><\/tr><tr><td>Plaza Chihuahua \/ BW Mirador \/ Quality Inn<\/td><td>Chihuahua<\/td><td>Turista<\/td><td>M\u00e9xico<\/td><\/tr><tr><td>Divisadero \/ Mansi\u00f3n Tarahumara<\/td><td>Barrancas<\/td><td>Turista<\/td><td>M\u00e9xico<\/td><\/tr><tr><td>Sierra Bonita \/ Parado del Alma \/ Cascada Inn<\/td><td>Creel<\/td><td>Turista<\/td><td>M\u00e9xico<\/td><\/tr><tr><td>Mansion Serrano o similar<\/td><td>El Fuerte<\/td><td>Turista<\/td><td>M\u00e9xico<\/td><\/tr><tr><td colspan=\"4\">\u00c9sta es la relaci\u00f3n de los hoteles utilizados m\u00e1s frecuentemente en este circuito. Reflejada tan s\u00f3lo a efectos indicativos, pudiendo ser el pasajero alojado en establecimientos similares o alternativos<\/td><\/tr><\/tbody><\/table><\/figure>\n\n\n\n<p>El paquete incluye<\/p>\n\n\n\n<ul class=\"wp-block-list\">\n<li>VERSI\u00d3N LIGHT:<\/li>\n\n\n\n<li>Vuelo en clase turista MEX-CUU\/LMM-MEX<\/li>\n\n\n\n<li>Todos los traslados de acuerdo al itinerario<\/li>\n\n\n\n<li>04 noches de hospedaje (01 Chihuahua, 02 Creel y 01 en El Fuerte)<\/li>\n\n\n\n<li>Autob\u00fas de Chihuahua a Creel y de Creel-Barrancas<\/li>\n\n\n\n<li>Ferrocarril panor\u00e1mico CHEPE Express Turista Creel-El Fuerte<\/li>\n\n\n\n<li>Traslado por carretera Divisadero &#8211; Creel (m\u00ednimo 2 personas)<\/li>\n\n\n\n<li>Desayuno diario (excepto el de llegada)<\/li>\n\n\n\n<li>VERSI\u00d3N CL\u00c1SICA:<\/li>\n\n\n\n<li>Vuelo en clase turista MEX-CUU\/LMM-MEX<\/li>\n\n\n\n<li>Todos los traslados de acuerdo al itinerario<\/li>\n\n\n\n<li>04 noches de hospedaje (01 Chihuahua, 01 Creel, 01 Barrancas, 01 El Fuerte)<\/li>\n\n\n\n<li>Ferrocarril panoramico Chepe Express Turista Barrancas del Cobre- El Fuerte<\/li>\n\n\n\n<li>Caminata por diferentes miradores de la Barranca<\/li>\n\n\n\n<li>Traslado al parque aventuras<\/li>\n\n\n\n<li>Tour Lago Arareko, Valle de los Hongos y de las Ranas<\/li>\n\n\n\n<li>Autob\u00fas de Chihuhua- Creel- Barrancas del Cobre \u201cDivisadero\u201d<\/li>\n\n\n\n<li>Desayuno diario (excepto el de llegada)<\/li>\n<\/ul>\n\n\n\n<p>El paquete no incluye:<\/p>\n\n\n\n<ul class=\"wp-block-list\">\n<li>Impuestos de $1,599 MXN por persona<\/li>\n\n\n\n<li>Gastos personales, admisiones a los sitios a visitar y propinas<\/li>\n\n\n\n<li>Tours de acuerdo con el itinerario seleccionado<\/li>\n<\/ul>\n","protected":false},"excerpt":{"rendered":"<p>MT-40018 Esc\u00e1pate a Barrancas del Cobre Ciudades Visitadas:&nbsp;M\u00e9xico Duraci\u00f3n:&nbsp;5 D\u00edas y 4 Noches Desde:12999 MXN + 1599 Imp Fecha(s) de salida: Noviembre: 02, 25Diciembre: 07, 16 Salidas para el a\u00f1o 2024 Enero: 04, 13, 18Febrero: 03, 17, 22Marzo: 02, 16 Vigencia:&nbsp;Precios vigentes hasta el 22\/02\/2024 Aerolinea INCLUYE VUELO Leaflet Itinerario ITINERARIO VERSI\u00d3N LIGHT D\u00cdA 1 [&hellip;]<\/p>\n","protected":false},"author":1,"featured_media":0,"parent":0,"menu_order":0,"comment_status":"closed","ping_status":"closed","template":"","meta":{"om_disable_all_campaigns":false,"_monsterinsights_skip_tracking":false,"_monsterinsights_sitenote_active":false,"_monsterinsights_sitenote_note":"","_monsterinsights_sitenote_category":0,"site-sidebar-layout":"default","site-content-layout":"","ast-site-content-layout":"default","site-content-style":"default","site-sidebar-style":"default","ast-global-header-display":"","ast-banner-title-visibility":"","ast-main-header-display":"","ast-hfb-above-header-display":"","ast-hfb-below-header-display":"","ast-hfb-mobile-header-display":"","site-post-title":"disabled","ast-breadcrumbs-content":"","ast-featured-img":"","footer-sml-layout":"","ast-disable-related-posts":"","theme-transparent-header-meta":"","adv-header-id-meta":"","stick-header-meta":"","header-above-stick-meta":"","header-main-stick-meta":"","header-below-stick-meta":"","astra-migrate-meta-layouts":"set","ast-page-background-enabled":"default","ast-page-background-meta":{"desktop":{"background-color":"","background-image":"","background-repeat":"repeat","background-position":"center center","background-size":"auto","background-attachment":"scroll","background-type":"","background-media":"","overlay-type":"","overlay-color":"","overlay-opacity":"","overlay-gradient":""},"tablet":{"background-color":"","background-image":"","background-repeat":"repeat","background-position":"center center","background-size":"auto","background-attachment":"scroll","background-type":"","background-media":"","overlay-type":"","overlay-color":"","overlay-opacity":"","overlay-gradient":""},"mobile":{"background-color":"","background-image":"","background-repeat":"repeat","background-position":"center center","background-size":"auto","background-attachment":"scroll","background-type":"","background-media":"","overlay-type":"","overlay-color":"","overlay-opacity":"","overlay-gradient":""}},"ast-content-background-meta":{"desktop":{"background-color":"var(--ast-global-color-5)","background-image":"","background-repeat":"repeat","background-position":"center center","background-size":"auto","background-attachment":"scroll","background-type":"","background-media":"","overlay-type":"","overlay-color":"","overlay-opacity":"","overlay-gradient":""},"tablet":{"background-color":"var(--ast-global-color-5)","background-image":"","background-repeat":"repeat","background-position":"center center","background-size":"auto","background-attachment":"scroll","background-type":"","background-media":"","overlay-type":"","overlay-color":"","overlay-opacity":"","overlay-gradient":""},"mobile":{"background-color":"var(--ast-global-color-5)","background-image":"","background-repeat":"repeat","background-position":"center center","background-size":"auto","background-attachment":"scroll","background-type":"","background-media":"","overlay-type":"","overlay-color":"","overlay-opacity":"","overlay-gradient":""}},"footnotes":""},"class_list":["post-677","page","type-page","status-publish","hentry"],"aioseo_notices":[],"_links":{"self":[{"href":"https:\/\/camaratravel.com\/index.php?rest_route=\/wp\/v2\/pages\/677","targetHints":{"allow":["GET"]}}],"collection":[{"href":"https:\/\/camaratravel.com\/index.php?rest_route=\/wp\/v2\/pages"}],"about":[{"href":"https:\/\/camaratravel.com\/index.php?rest_route=\/wp\/v2\/types\/page"}],"author":[{"embeddable":true,"href":"https:\/\/camaratravel.com\/index.php?rest_route=\/wp\/v2\/users\/1"}],"replies":[{"embeddable":true,"href":"https:\/\/camaratravel.com\/index.php?rest_route=%2Fwp%2Fv2%2Fcomments&post=677"}],"version-history":[{"count":4,"href":"https:\/\/camaratravel.com\/index.php?rest_route=\/wp\/v2\/pages\/677\/revisions"}],"predecessor-version":[{"id":1592,"href":"https:\/\/camaratravel.com\/index.php?rest_route=\/wp\/v2\/pages\/677\/revisions\/1592"}],"wp:attachment":[{"href":"https:\/\/camaratravel.com\/index.php?rest_route=%2Fwp%2Fv2%2Fmedia&parent=677"}],"curies":[{"name":"wp","href":"https:\/\/api.w.org\/{rel}","templated":true}]}}