{"id":650,"date":"2023-10-06T17:22:41","date_gmt":"2023-10-06T17:22:41","guid":{"rendered":"https:\/\/camaratravel.com\/?page_id=650"},"modified":"2023-11-02T22:02:34","modified_gmt":"2023-11-02T22:02:34","slug":"mt-20240-turquia-romantica","status":"publish","type":"page","link":"https:\/\/camaratravel.com\/?page_id=650","title":{"rendered":"MT-20240 Turqu\u00eda Rom\u00e1ntica"},"content":{"rendered":"\n<div class=\"wp-block-cover is-light\" style=\"padding-top:var(--wp--preset--spacing--80);padding-bottom:var(--wp--preset--spacing--80);min-height:50px;aspect-ratio:unset;\"><span aria-hidden=\"true\" class=\"wp-block-cover__background has-vivid-green-cyan-background-color has-background-dim-100 has-background-dim\"><\/span><div class=\"wp-block-cover__inner-container is-layout-flow wp-block-cover-is-layout-flow\">\n<p class=\"has-text-align-center has-large-font-size\"><\/p>\n<\/div><\/div>\n\n\n\n<p>MT-20240 Turqu\u00eda Rom\u00e1ntica<\/p>\n\n\n\n<p><strong>Ciudades Visitadas:<\/strong>&nbsp;Turqu\u00eda<\/p>\n\n\n\n<figure class=\"wp-block-image\"><img decoding=\"async\" src=\"https:\/\/one.cdnmega.com\/images\/viajes\/covers\/turquia-romantica-1024x575_647775098dadb.webp\" alt=\"\"\/><\/figure>\n\n\n\n<p><strong>Duraci\u00f3n:<\/strong>&nbsp;12 D\u00edas y 10 Noches<\/p>\n\n\n\n<p><strong>Desde:<\/strong>799 USD + 949 Imp<\/p>\n\n\n\n<p><strong>Fecha(s) de salida:<\/strong><\/p>\n\n\n\n<h3 class=\"wp-block-heading\">Salidas para el a\u00f1o 2024<\/h3>\n\n\n\n<p>Enero: 14<br>Febrero: 18<br>Marzo: 02, 17<\/p>\n\n\n\n<p><strong>Vigencia:<\/strong>&nbsp;Precios vigentes hasta el 25\/03\/2024<\/p>\n\n\n\n<p><strong>Aerolinea<\/strong><\/p>\n\n\n\n<h5 class=\"wp-block-heading\">INCLUYE VUELO<\/h5>\n\n\n\n<figure class=\"wp-block-image\"><img decoding=\"async\" src=\"https:\/\/one.cdnmega.com\/images\/aerolineas\/iata\/LH.png\" alt=\"Lufthansa\"\/><\/figure>\n\n\n\n<p><a href=\"http:\/\/leafletjs.com\/\">Leaflet<\/a><\/p>\n\n\n\n<p>Itinerario<\/p>\n\n\n\n<p><strong>D\u00cdA 01&nbsp;M\u00c9XICO \u2708 ESTAMBUL<\/strong><br>Cita en el aeropuerto de la Ciudad de M\u00e9xico para abordar vuelo con destino a Estambul v\u00eda Europa. Noche a bordo.<\/p>\n\n\n\n<p><strong>D\u00cdA 02&nbsp;ESTAMBUL<\/strong><br>Llegada y tiempo de espera para tomar el siguiente vuelo con destino a Estambul. Llegada, recepci\u00f3n en el aeropuerto y traslado al hotel. Alojamiento.<\/p>\n\n\n\n<p><strong>D\u00cdA 03&nbsp;ESTAMBUL<\/strong><br>Desayuno. D\u00eda libre. Alojamiento.&nbsp;<br>Posibilidad de tomar la excursi\u00f3n opcional guiada (no incluida \u2013 con costo adicional) con almuerzo en un restaurante de comida t\u00edpica \u201cTOUR POR EL B\u00d3SFORO\u201d. Salida para contemplar el espectacular panorama del Cuerno de Oro desde la colina de Pierre Loti; visita de la Catedral de San Jorge, principal patriarcado de la Iglesia Ortodoxa Griega y sede del Patriarcado Ecum\u00e9nico de Constantinopla, reconocido como el l\u00edder espiritual de los cristianos ortodoxos del mundo; continuamos a la Mezquita de Solim\u00e1n El Magn\u00edfico, dise\u00f1ada por el arquitecto otomano Mimar Sinan y que cuenta con la c\u00fapula m\u00e1s grande de todas las mezquitas en Estambul; nos dirigimos al Bazar de las Especias, un lugar con encanto especial por su colorido y aromas, el sitio por excelencia para adquirir t\u00e9s, hierbas, frutos secos, dulces t\u00edpicos y por supuesto especias; culminamos con un recorrido a trav\u00e9s del B\u00f3sforo, el estrecho que divide la ciudad entre Europa y Asia, apreciaremos las maravillosas vistas de las fortalezas otomanas, palacios, villas y los puentes que conectan ambos lados de esta urbe.<\/p>\n\n\n\n<p><strong>D\u00cdA 04&nbsp;ESTAMBUL<\/strong>&nbsp;<br>Desayuno. D\u00eda libre. Alojamiento.<br>Posibilidad de tomar la excursi\u00f3n opcional (no incluida \u2013 con costo adicional) guiada con almuerzo en un restaurante de comida t\u00edpica \u201cJOYAS DE CONSTANTINOPLA\u201d: Ad\u00e9ntrese en el casco hist\u00f3rico de la ciudad, donde podr\u00e1 observar la variedad de vestigios de los diferentes imperios que dieron forma al actual Estambul: el imponente Palacio de Topkapi, residencia de los sultanes y principal centro administrativo del Imperio Otomano; Santa Sof\u00eda con su majestuosa arquitectura bizantina y mezcla de elementos religiosos cristianos e isl\u00e1micos; el Hip\u00f3dromo Romano, centro de la vida social de Constantinopla durante miles de a\u00f1os; la Mezquita Azul con sus m\u00e1s de 20,000 azulejos de cer\u00e1mica hechos a mano y tra\u00eddos desde Iznik; el Gran Bazar, uno de los mercados cubiertos m\u00e1s grandes y antiguos del mundo y en el que el regateo es una tradici\u00f3n.<\/p>\n\n\n\n<p><strong>D\u00cdA 05&nbsp;ESTAMBUL \ud83d\ude8c ANKARA \ud83d\ude8c CAPADOCIA<\/strong><br>Desayuno. Salida temprano en autob\u00fas hacia Ankara y visita de la capital de Turqu\u00eda y del Mausoleo del Fundador de la rep\u00fablica. Llegada a Capadocia. Visita de una ciudad subterr\u00e1nea construidas por las antiguas comunidades locales para protegerse de los ataques. Cena y alojamiento.<\/p>\n\n\n\n<p><strong>D\u00cdA 06&nbsp;CAPADOCIA<\/strong><br>Desayuno. Salida para visitar esta maravillosa regi\u00f3n con su paisaje fascinante y original, formada por lava volc\u00e1nica desde hace m\u00e1s de 3 millones de a\u00f1os. Visita al Museo a cielo abierto de Goreme, un monasterio con capillas excavadas en las rocas volc\u00e1nicas y decoradas con frescos del siglo XIII. Visita a los impresionantes valles de la regi\u00f3n con sus paisajes \u201cde otro planeta\u201d, habiendo servido como set de filmajes en las pel\u00edculas de Star Wars. Van tambi\u00e9n apreciar las vistas de las formaciones geol\u00f3gicas s\u00edmbolos de la regi\u00f3n, las famosas \u201cChimeneas de Hada\u201d. Haremos una parada para apreciar la incre\u00edble y extensa vista panor\u00e1mica del Valle de las Palomas, que debe su nombre a los numerosos palomares excavados en las rocas, ya que en Capadocia esos animales han sido durante mucho tiempo una fuente de alimento y fertilizante. Visita a un centro de joyas y piedras t\u00edpicas de Capadocia y a una f\u00e1brica de alfombras para aprender sobre la producci\u00f3n de estos productos. &nbsp;Cena y alojamiento.<br>Sugerimos realizar las siguientes excursiones opcionales (no incluidas \u2013 con costo adicional):&nbsp;<\/p>\n\n\n\n<ul class=\"wp-block-list\">\n<li>Paseo en Globo al amanecer para admirar uno de los paisajes m\u00e1s lindos de la tierra.<\/li>\n\n\n\n<li>Safari 4&#215;4 por la bell\u00edsima regi\u00f3n de Capadocia.<\/li>\n<\/ul>\n\n\n\n<p><strong>D\u00cdA 07 CAPADOCIA<\/strong><br>Desayuno. Dia libre. Cena y alojamiento<br>Sugerimos realizar la opcional (no incluida \u2013 con costo adicional) \u201cCAPADOCIA Y SU CAPITAL DE INVIERNO\u201d Salida temprano en la ma\u00f1ana en direcci\u00f3n a una de las capitales de la regi\u00f3n e importante ciudad del imperio Seleucida. En el camino disfrutaremos el horizonte, la imagen imponente del volc\u00e1n inactivo Erciyes, cuya erupci\u00f3n (juntamente con el volc\u00e1n Hasan) ha dado origen al escenario natural de Capadocia. Llegada a Kayseri ( 90 km &#8211; 1:30 aprox.) haremos un recorrido por la ciudad que nos recordar\u00e1 los or\u00edgenes de los Otomanos, a trav\u00e9s de la belleza de los mausoleos octogonales, el castillo de la ciudad, la Mezquita y su Madraza, bazar central y el ic\u00f3nico reloj de la plaza principal. En seguida subiremos al Monte Argeo, que se levanta a los pies de la ciudad hasta 2.000 metros de altura y abriga una fant\u00e1stica estaci\u00f3n de deportes de invierno. Llegada y traslado al centro de ropas en el que est\u00e1n incluidos \u00fanicamente la chaqueta y pantal\u00f3n para resistir el frio, ya que es pr\u00e1cticamente como entrar en un freezer, pero con poco tiempo y ropa adecuada todos se pueden adaptar bien. Una vez en el paisaje dominado por el blanco de la nieve y el cielo a su l\u00edmite, disfrutaremos del famoso s\u00e1ndwich de pepperoni local y vamos a tomar el vino caliente con especias, acompa\u00f1ado de buena m\u00fasica y diversi\u00f3n en la nieve. La tarde es libre para explorar la estaci\u00f3n, sus caf\u00e9s, restaurantes, hoteles y subir a los telef\u00e9ricos (boleto de subida y bajada incluido) y apreciar el incre\u00edble paisaje. Podr\u00e1n tambi\u00e9n hacer deportes de invierno como el Ski o Snowboard si no tomar clases para aprenderlos Al final de la tarde, bajaremos, y luego regresaremos a Capadocia.<\/p>\n\n\n\n<p><strong>D\u00cdA 08&nbsp;CAPADOCIA \ud83d\ude8c PAMUKKALE<\/strong><br>Desayuno. Salida hasta Pamukkale para visitar la antigua Hier\u00e1polis y el Castillo de Algod\u00f3n, verdadera maravilla natural, una cascada gigante, estalactitas y piscinas naturales formadas a trav\u00e9s de los siglos por el paso de las aguas termales cargadas de sales calc\u00e1reas. Cena y alojamiento.<\/p>\n\n\n\n<p><strong>D\u00cdA 09 PAMUKKALE \ud83d\ude8c EFESO \ud83d\ude8c KUSADASI*<\/strong><br>Desayuno. Salida hacia \u00c9feso, la ciudad greco-romana mejor conservada de Asia Menor desde los siglos I y II, que monopoliz\u00f3 la riqueza de Medio Oriente y guarda tesoros como el impresionante teatro romano que albergaba a m\u00e1s de 25.000 espectadores, la magn\u00edfica biblioteca de Celso y la calle de M\u00e1rmol. Visitaremos la Casa de la Virgen Mar\u00eda, supuesta \u00faltima morada de la madre de Jes\u00fas, y hoy es considerada un punto de peregrinaci\u00f3n. Continuaci\u00f3n hacia Kusadasi en el Mar Egeo y visita un taller de pieles y a un outlet de marcas internacionales. Cena y alojamiento.<br>*El hospedaje podr\u00e1 ser en Izmir o Kusadasi en algunas salidas. Sujeto a disponibilidad al momento de reservar.<\/p>\n\n\n\n<p><strong>D\u00cdA 10&nbsp;KUSADASI*<\/strong><br>Desayuno. D\u00eda libre. Cena y alojamiento.<br>Posibilidad de tomar la excursi\u00f3n opcional (no incluida \u2013 con costo adicional) guiada \u201cISLA GRIEGA CHIOS\u201d. Traslado del hotel al puerto de Cesme. Despu\u00e9s de la inmigraci\u00f3n, partimos hacia la isla de Ch\u00edos: la producci\u00f3n de mastica, la ciudad de Mesta y sus laber\u00ednticas calles de la \u00e9poca bizantina, Pyrgi y sus casas decoradas con murales dibujados en blanco y negro, la playa volc\u00e1nica de Mavra Volia Empoios. Traslado al puerto y salida hacia Cesme, Turqu\u00eda. Llegada y traslado al hotel.<\/p>\n\n\n\n<p><strong>D\u00cdA 11&nbsp;KUSADASI* \ud83d\ude8c BURSA \ud83d\ude8c ESTAMBUL<\/strong><br>Desayuno. Salida hacia Bursa. Visita panor\u00e1mica de esta importante ciudad que fue la primera capital del Imperio Otomano. Visita de la Mezquita Ulu Camii, la mezquita principal de la ciudad y una de las m\u00e1s bellas de toda Turqu\u00eda. Tambi\u00e9n tendr\u00e1n la oportunidad de dar un paseo por el mercado de la seda, donde podr\u00e1 apreciar antig\u00fcedades, sedas, perfumes y pashminas. Alojamiento.<\/p>\n\n\n\n<p><strong>D\u00cdA 12&nbsp;ESTAMBUL\u2708 M\u00c9XICO<\/strong><br>A la hora indicada traslado al aeropuerto para abordar vuelo con destino a la Ciudad de M\u00e9xico, v\u00eda Europa.<\/p>\n\n\n\n<p><small><strong>-Este itinerario puede sufrir modificaciones por condiciones de carreteras, clima, otros aspectos no previsibles o disponibilidad al momento de reservar<br>-El orden de los servicios puede cambiar&nbsp;<\/strong><\/small><strong>&nbsp;&nbsp;&nbsp;&nbsp;&#8230;FIN DE NUESTROS SERVICIOS<\/strong><\/p>\n\n\n\n<p>Precios y Hoteles:<\/p>\n\n\n\n<figure class=\"wp-block-table\"><table><tbody><tr><td><strong>DOBLE<\/strong><\/td><\/tr><tr><td>$ 799<\/td><\/tr><\/tbody><\/table><\/figure>\n\n\n\n<p><strong>IMPUESTOS Y SUPLEMENTOS<\/strong><\/p>\n\n\n\n<figure class=\"wp-block-table\"><table><tbody><tr><td>Impuestos a\u00e9reos<\/td><td>$ 949<\/td><\/tr><tr><td>Enero: 14<\/td><td>$ 149<\/td><\/tr><tr><td>Febrero: 18<\/td><td>$ 249<\/td><\/tr><tr><td>Marzo: 02<\/td><td>$ 299<\/td><\/tr><tr><td>Marzo: 17<\/td><td>$ 399<\/td><\/tr><\/tbody><\/table><\/figure>\n\n\n\n<p>\u2013 Precios indicados en USD, pagaderos en Moneda Nacional al tipo de cambio del d\u00eda.<br>\u2013 Los precios indicados en este itinerario son de car\u00e1cter informativo y deben ser confirmados para realizar su reservaci\u00f3n ya que est\u00e1n sujetos a modificaciones sin previo aviso.<br>\u2013 Consulta suplemento por temporada alta.<\/p>\n\n\n\n<figure class=\"wp-block-table\"><table><thead><tr><td colspan=\"4\"><strong>HOTELES PREVISTOS O SIMILARES<\/strong><\/td><\/tr><tr><td><strong>Hotel<\/strong><\/td><td><strong>Ciudad<\/strong><\/td><td><strong>Tipo<\/strong><\/td><td><strong>Pais<\/strong><\/td><\/tr><\/thead><tbody><tr><td>Ishak Pasha<\/td><td>Estambul<\/td><td>Primera<\/td><td>Turquia<\/td><\/tr><tr><td>Kalsedon Cave<\/td><td>Capadocia<\/td><td>Primera<\/td><td>Turquia<\/td><\/tr><tr><td>Signature Pamukkale Thermal<\/td><td>Pamukkale<\/td><td>Primera<\/td><td>Turquia<\/td><\/tr><tr><td>Signature Blue Resort<\/td><td>Kusadasi<\/td><td>Primera<\/td><td>Turquia<\/td><\/tr><tr><td colspan=\"4\">\u00c9sta es la relaci\u00f3n de los hoteles utilizados m\u00e1s frecuentemente en este circuito. Reflejada tan s\u00f3lo a efectos indicativos, pudiendo ser el pasajero alojado en establecimientos similares o alternativos<\/td><\/tr><\/tbody><\/table><\/figure>\n\n\n\n<p>El paquete incluye<\/p>\n\n\n\n<ul class=\"wp-block-list\">\n<li>Boleto de avi\u00f3n M\u00e9xico \u2013 Estambul \u2013 M\u00e9xico, en clase turista.<\/li>\n\n\n\n<li>Traslados aeropuerto \u2013 hotel \u2013 aeropuerto en privado.<\/li>\n\n\n\n<li>Botella de vino y cesta de frutas o quesos en la habitaci\u00f3n (En Pamukkale).<\/li>\n\n\n\n<li>4 noches de alojamiento en Estambul.<\/li>\n\n\n\n<li>3 noches de alojamiento en Capadocia.<\/li>\n\n\n\n<li>1 noche de alojamiento en Pamukkale.<\/li>\n\n\n\n<li>2 noches de alojamiento en Kusadasi.<\/li>\n\n\n\n<li>R\u00e9gimen alimenticio indicado en itinerario.<\/li>\n\n\n\n<li>Traslados indicados<\/li>\n\n\n\n<li>Visitas indicadas<\/li>\n\n\n\n<li>Gu\u00edas de habla hispana<\/li>\n\n\n\n<li>Autocar con aire acondicionado<\/li>\n<\/ul>\n\n\n\n<p>El paquete no incluye:<\/p>\n\n\n\n<ul class=\"wp-block-list\">\n<li>Gastos personales y extras en los hoteles.<\/li>\n\n\n\n<li>Tasas de servicio en Turqu\u00eda: 45 USD por persona. (Se paga directo en destino)<\/li>\n\n\n\n<li>Impuesto hotelero en Turqu\u00eda: 10 USD por persona (Se paga directo en destino)<\/li>\n\n\n\n<li>Impuesto hotelero en Turqu\u00eda en hoteles de mayor categor\u00eda: 20 USD por persona (Se paga directo en destino)<\/li>\n\n\n\n<li>Impuesto hotelero en hoteles cueva en Capadocia: 6 USD adicionales por persona (Se paga directo en destino)<\/li>\n\n\n\n<li>Impuestos a\u00e9reos por persona.<\/li>\n\n\n\n<li>Visa de Turqu\u00eda.<\/li>\n\n\n\n<li>Ning\u00fan servicio no especificado como incluido o como opcional.<\/li>\n<\/ul>\n\n\n\n<p>Precios cotizados en d\u00f3lares americanos, pagaderos en Moneda Nacional al tipo de cambio del d\u00eda Los precios indicados son informativos y deben ser conformados antes de su compra ya que est\u00e1n sujetos a cambio sin previo aviso. Para obtener el costo exacto a pagar a tipo de cambio del d\u00eda, comun\u00edquese con nosotros. Consulte impuestos y suplementos.<\/p>\n","protected":false},"excerpt":{"rendered":"<p>MT-20240 Turqu\u00eda Rom\u00e1ntica Ciudades Visitadas:&nbsp;Turqu\u00eda Duraci\u00f3n:&nbsp;12 D\u00edas y 10 Noches Desde:799 USD + 949 Imp Fecha(s) de salida: Salidas para el a\u00f1o 2024 Enero: 14Febrero: 18Marzo: 02, 17 Vigencia:&nbsp;Precios vigentes hasta el 25\/03\/2024 Aerolinea INCLUYE VUELO Leaflet Itinerario D\u00cdA 01&nbsp;M\u00c9XICO \u2708 ESTAMBULCita en el aeropuerto de la Ciudad de M\u00e9xico para abordar vuelo con destino [&hellip;]<\/p>\n","protected":false},"author":1,"featured_media":0,"parent":0,"menu_order":0,"comment_status":"closed","ping_status":"closed","template":"","meta":{"om_disable_all_campaigns":false,"_monsterinsights_skip_tracking":false,"_monsterinsights_sitenote_active":false,"_monsterinsights_sitenote_note":"","_monsterinsights_sitenote_category":0,"site-sidebar-layout":"default","site-content-layout":"","ast-site-content-layout":"default","site-content-style":"default","site-sidebar-style":"default","ast-global-header-display":"","ast-banner-title-visibility":"","ast-main-header-display":"","ast-hfb-above-header-display":"","ast-hfb-below-header-display":"","ast-hfb-mobile-header-display":"","site-post-title":"disabled","ast-breadcrumbs-content":"","ast-featured-img":"","footer-sml-layout":"","ast-disable-related-posts":"","theme-transparent-header-meta":"","adv-header-id-meta":"","stick-header-meta":"","header-above-stick-meta":"","header-main-stick-meta":"","header-below-stick-meta":"","astra-migrate-meta-layouts":"set","ast-page-background-enabled":"default","ast-page-background-meta":{"desktop":{"background-color":"","background-image":"","background-repeat":"repeat","background-position":"center center","background-size":"auto","background-attachment":"scroll","background-type":"","background-media":"","overlay-type":"","overlay-color":"","overlay-opacity":"","overlay-gradient":""},"tablet":{"background-color":"","background-image":"","background-repeat":"repeat","background-position":"center center","background-size":"auto","background-attachment":"scroll","background-type":"","background-media":"","overlay-type":"","overlay-color":"","overlay-opacity":"","overlay-gradient":""},"mobile":{"background-color":"","background-image":"","background-repeat":"repeat","background-position":"center center","background-size":"auto","background-attachment":"scroll","background-type":"","background-media":"","overlay-type":"","overlay-color":"","overlay-opacity":"","overlay-gradient":""}},"ast-content-background-meta":{"desktop":{"background-color":"var(--ast-global-color-5)","background-image":"","background-repeat":"repeat","background-position":"center center","background-size":"auto","background-attachment":"scroll","background-type":"","background-media":"","overlay-type":"","overlay-color":"","overlay-opacity":"","overlay-gradient":""},"tablet":{"background-color":"var(--ast-global-color-5)","background-image":"","background-repeat":"repeat","background-position":"center center","background-size":"auto","background-attachment":"scroll","background-type":"","background-media":"","overlay-type":"","overlay-color":"","overlay-opacity":"","overlay-gradient":""},"mobile":{"background-color":"var(--ast-global-color-5)","background-image":"","background-repeat":"repeat","background-position":"center center","background-size":"auto","background-attachment":"scroll","background-type":"","background-media":"","overlay-type":"","overlay-color":"","overlay-opacity":"","overlay-gradient":""}},"footnotes":""},"class_list":["post-650","page","type-page","status-publish","hentry"],"aioseo_notices":[],"_links":{"self":[{"href":"https:\/\/camaratravel.com\/index.php?rest_route=\/wp\/v2\/pages\/650","targetHints":{"allow":["GET"]}}],"collection":[{"href":"https:\/\/camaratravel.com\/index.php?rest_route=\/wp\/v2\/pages"}],"about":[{"href":"https:\/\/camaratravel.com\/index.php?rest_route=\/wp\/v2\/types\/page"}],"author":[{"embeddable":true,"href":"https:\/\/camaratravel.com\/index.php?rest_route=\/wp\/v2\/users\/1"}],"replies":[{"embeddable":true,"href":"https:\/\/camaratravel.com\/index.php?rest_route=%2Fwp%2Fv2%2Fcomments&post=650"}],"version-history":[{"count":3,"href":"https:\/\/camaratravel.com\/index.php?rest_route=\/wp\/v2\/pages\/650\/revisions"}],"predecessor-version":[{"id":1623,"href":"https:\/\/camaratravel.com\/index.php?rest_route=\/wp\/v2\/pages\/650\/revisions\/1623"}],"wp:attachment":[{"href":"https:\/\/camaratravel.com\/index.php?rest_route=%2Fwp%2Fv2%2Fmedia&parent=650"}],"curies":[{"name":"wp","href":"https:\/\/api.w.org\/{rel}","templated":true}]}}