{"id":625,"date":"2023-10-06T01:46:56","date_gmt":"2023-10-06T01:46:56","guid":{"rendered":"https:\/\/camaratravel.com\/?page_id=625"},"modified":"2023-11-10T01:17:25","modified_gmt":"2023-11-10T01:17:25","slug":"mt-52284-medellin-y-cartagena","status":"publish","type":"page","link":"https:\/\/camaratravel.com\/?page_id=625","title":{"rendered":"MT-52284 Medell\u00edn y Cartagena"},"content":{"rendered":"\n<div class=\"wp-block-cover is-light\" style=\"padding-top:var(--wp--preset--spacing--80);padding-bottom:var(--wp--preset--spacing--80);min-height:50px;aspect-ratio:unset;\"><span aria-hidden=\"true\" class=\"wp-block-cover__background has-vivid-green-cyan-background-color has-background-dim-100 has-background-dim\"><\/span><div class=\"wp-block-cover__inner-container is-layout-flow wp-block-cover-is-layout-flow\">\n<p class=\"has-text-align-center has-large-font-size\"><\/p>\n<\/div><\/div>\n\n\n\n<p>MT-52284 Medell\u00edn y Cartagena<\/p>\n\n\n\n<p><strong>Ciudades Visitadas:<\/strong>&nbsp;Colombia<\/p>\n\n\n\n<figure class=\"wp-block-image\"><img decoding=\"async\" src=\"https:\/\/one.cdnmega.com\/images\/viajes\/covers\/medellin_5e69857b49b17.webp\" alt=\"\"\/><\/figure>\n\n\n\n<p><strong>Duraci\u00f3n:<\/strong>&nbsp;8 D\u00edas y 7 Noches<\/p>\n\n\n\n<p><strong>Desde:<\/strong>878 USD + 340 Imp<\/p>\n\n\n\n<p><strong>Fecha(s) de salida:<\/strong><\/p>\n\n\n\n<p><br>Diarias<\/p>\n\n\n\n<p><strong>Vigencia:<\/strong>&nbsp;Precios vigentes hasta el 06\/12\/2023<\/p>\n\n\n\n<p><strong>Aerolinea<\/strong><\/p>\n\n\n\n<h5 class=\"wp-block-heading\">INCLUYE VUELO<\/h5>\n\n\n\n<figure class=\"wp-block-image\"><img decoding=\"async\" src=\"https:\/\/one.cdnmega.com\/images\/aerolineas\/iata\/AV.png\" alt=\"Avianca\"\/><\/figure>\n\n\n\n<p>Itinerario<\/p>\n\n\n\n<p><strong>D\u00cdA 1 M\u00c9XICO \u2013 MEDELL\u00cdN<\/strong><br>Salida en vuelo regular con destino la Ciudad de Medell\u00edn, Colombia. Llegada, recepci\u00f3n y traslado al hotel. Alojamiento.<\/p>\n\n\n\n<p><strong>D\u00cdA 2 MEDELL\u00cdN \u2013 Visita de Ciudad<\/strong><br>Desayuno en el hotel. Encuentro en el lobby del hotel con el gu\u00eda para realizar el recorrido panor\u00e1mico por los sitios de mayor inter\u00e9s en la ciudad como el parque Lleras, parque Poblado y la milla de oro, parada en el parque de las esculturas de Botero un museo al aire libre, panor\u00e1mica de la Catedral Metropolitana, Centro Administrativo la Alpujarra, Parque de las Luces y Avenida San Juan. Fin del recorrido. Regreso al hotel. Alojamiento.<\/p>\n\n\n\n<p><strong>D\u00cdA 3 MEDELL\u00cdN \u2013 Guatap\u00e9 y la Piedra del Pe\u00f1ol<\/strong><br>Desayuno en el hotel. A la hora acordada, en el lobby del hotel inicia el recorrido a uno de los destinos m\u00e1s llamativos de Antioquia y de Colombia. Al llegar nos encontraremos con un gran monolito el cual podr\u00e1s subir por escaleras para tener una hermosa vista del embalse de Guatap\u00e9. Continuaci\u00f3n del recorrido a la bella poblaci\u00f3n para admirar las casas donde sus z\u00f3calos est\u00e1n adornados seg\u00fan los oficios de quien la ocupa, podr\u00e1s caminar por las calles llenas de tiendas de artesan\u00edas, degustar de un delicioso caf\u00e9 colombiano y tomar muchas fotos durante el recorrido. Almuerzo t\u00edpico incluido durante el recorrido. Regreso al hotel. Alojamiento.<\/p>\n\n\n\n<p><strong>D\u00cdA 4 MEDELL\u00cdN \u2013 CARTAGENA<\/strong><br>Desayuno en el hotel. Traslado al aeropuerto para abordar vuelo regular a la Ciudad de Cartagena. Llegada, recepci\u00f3n y traslado al hotel. Alojamiento.<\/p>\n\n\n\n<p><strong>D\u00cdA 5 CARTAGENA \u2013 Visita de Ciudad con Castillo de San Felipe<\/strong><br>Cartagena de Indias, es uno de los destinos m\u00e1s tur\u00edsticos de nuestro pa\u00eds. En ella, encuentras toda la alegr\u00eda, el sabor y el color de nuestra regi\u00f3n caribe. Desayuno en el hotel. A la hora acordada, se dar\u00e1 inicio a este maravilloso recorrido por la ciudad. &nbsp;Pasaremos por la moderna Bocagrande, con sus playas y zonas comerciales, continuaremos al barrio de Manga, donde el contraste entre la arquitectura republicana y los modernos edificios te asombrar\u00e1. Llegaremos a una de las joyas de la ciudad: el Castillo o fuerte de San Felipe de Barajas, construido por los espa\u00f1oles, para defenderse de los piratas y posteriormente, de los ingleses, en el siglo XVII. Continuar\u00e1 con una breve caminata por el centro hist\u00f3rico de esta hermosa ciudad. Resto del d\u00eda libre. Alojamiento.<\/p>\n\n\n\n<p><strong>D\u00cdA 6 CARTAGENA \u2013 Islas del Rosario<\/strong><br>Desayuno en el hotel. Transporte en lancha r\u00e1pida con destino a la isla incluida, all\u00ed podr\u00e1 disfrutar de playas coralinas y variedad de fauna del arrecife, ideal para descansar o tomar alguna actividad opcional como buceo, snorkeling, caminatas, entre otras. Almuerzo t\u00edpico y regreso al muelle. &nbsp;Alojamiento.<\/p>\n\n\n\n<p><strong>D\u00cdA 7 CARTAGENA<\/strong><br>Desayuno en el hotel. D\u00eda libre para disfrutar de las playas. Alojamiento.<\/p>\n\n\n\n<p><strong>D\u00cdA 8 CARTAGENA \u2013 M\u00c9XICO<\/strong><br>Desayuno en el hotel. A la hora convenida traslado al aeropuerto para abordar el vuelo regular con destino a la Ciudad de M\u00e9xico.<strong>&nbsp;&nbsp;&nbsp;&nbsp;&#8230;FIN DE NUESTROS SERVICIOS<\/strong><\/p>\n\n\n\n<p>Precios y Hoteles:<\/p>\n\n\n\n<figure class=\"wp-block-table\"><table><tbody><tr><td><strong>CATEGOR\u00cdA<\/strong><\/td><td><strong>TRIPLE<\/strong><\/td><td><strong>DOBLE<\/strong><\/td><td><strong>SGL<\/strong><\/td><\/tr><tr><td>Hoteles 3&nbsp;Estrellas<\/td><td>$ 868<\/td><td>$ 878<\/td><td>$ 1,198<\/td><\/tr><tr><td>Hoteles 4&nbsp;Estrellas<\/td><td>$ 1,038<\/td><td>$ 1,028<\/td><td>$ 1,518<\/td><\/tr><tr><td>Hoteles 5&nbsp;Estrellas<\/td><td>$ 1,138<\/td><td>$ 1,168<\/td><td>$ 1,728<\/td><\/tr><tr><td>Hoteles Lujo<\/td><td>$ 1,378<\/td><td>$ 1,358<\/td><td>$ 2,148<\/td><\/tr><\/tbody><\/table><\/figure>\n\n\n\n<p><strong>IMPUESTOS Y SUPLEMENTOS<\/strong><\/p>\n\n\n\n<figure class=\"wp-block-table\"><table><tbody><tr><td>Impuestos a\u00e9reos<\/td><td>$ 340<\/td><\/tr><\/tbody><\/table><\/figure>\n\n\n\n<p>\u2013 Precios por persona en d\u00f3lares<br>\u2013 Precios no aplican en semana santa, pascua, eventos especiales, carnaval, navidad y a\u00f1o nuevo<br>\u2013 Los precios cambian constantemente, as\u00ed que te sugerimos la verificaci\u00f3n de estos, y no utilizar este documento como definitivo.<br>\u2013 Tarifas validas con precompra de 21 d\u00edas.<br>\u2013 Consultar suplemento a\u00e9reo julio y agosto 2023.<\/p>\n\n\n\n<figure class=\"wp-block-table\"><table><tbody><tr><td colspan=\"4\"><strong>HOTELES PREVISTOS O SIMILARES<\/strong><\/td><\/tr><tr><td><strong>HOTEL<\/strong><\/td><td><strong>CIUDAD<\/strong><\/td><td><strong>TIPO<\/strong><\/td><td><strong>PA\u00cdS<\/strong><\/td><\/tr><tr><td>Vivre<\/td><td>Medell\u00edn<\/td><td>3 Estrellas<\/td><td>Colombia<\/td><\/tr><tr><td>Bah\u00eda Cartagena<\/td><td>Cartagena<\/td><td>3 Estrellas<\/td><td>Colombia<\/td><\/tr><tr><td><strong>HOTEL<\/strong><\/td><td><strong>CIUDAD<\/strong><\/td><td><strong>TIPO<\/strong><\/td><td><strong>PA\u00cdS<\/strong><\/td><\/tr><tr><td>Poblado Plaza<\/td><td>Medell\u00edn<\/td><td>4 Estrellas<\/td><td>Colombia<\/td><\/tr><tr><td>Caribe by Faranda<\/td><td>Cartagena<\/td><td>4 Estrellas<\/td><td>Colombia<\/td><\/tr><tr><td><strong>HOTEL<\/strong><\/td><td><strong>CIUDAD<\/strong><\/td><td><strong>TIPO<\/strong><\/td><td><strong>PA\u00cdS<\/strong><\/td><\/tr><tr><td>Park 10<\/td><td>Medell\u00edn<\/td><td>5 Estrellas<\/td><td>Colombia<\/td><\/tr><tr><td>Sophia<\/td><td>Cartagena<\/td><td>5 Estrellas<\/td><td>Colombia<\/td><\/tr><tr><td><strong>HOTEL<\/strong><\/td><td><strong>CIUDAD<\/strong><\/td><td><strong>TIPO<\/strong><\/td><td><strong>PA\u00cdS<\/strong><\/td><\/tr><tr><td>York Luxury Suites<\/td><td>Medell\u00edn<\/td><td>Lujo<\/td><td>Colombia<\/td><\/tr><tr><td>Charleston Santa Teresa<\/td><td>Cartagena<\/td><td>Lujo<\/td><td>Colombia<\/td><\/tr><tr><td colspan=\"4\">\u00c9sta es la relaci\u00f3n de los hoteles utilizados m\u00e1s frecuentemente en este circuito. Reflejada tan s\u00f3lo a efectos indicativos, pudiendo ser el pasajero alojado en establecimientos similares o alternativos<\/td><\/tr><\/tbody><\/table><\/figure>\n\n\n\n<p>El paquete incluye<\/p>\n\n\n\n<ul class=\"wp-block-list\">\n<li>Boleto de avi\u00f3n M\u00e9xico \u2013 Medell\u00edn \u2013 Cartagena \u2013 Bogot\u00e1\u2013 M\u00e9xico.<\/li>\n\n\n\n<li>Traslados aeropuerto \u2013 hotel \u2013 aeropuerto.<\/li>\n\n\n\n<li>03 noches de alojamiento en Medell\u00edn en el hotel seleccionado.<\/li>\n\n\n\n<li>04 noches de alojamiento en Cartagena en el hotel seleccionado.<\/li>\n\n\n\n<li>Desayunos diarios.<\/li>\n\n\n\n<li>Visitas indicadas en el itinerario.<\/li>\n\n\n\n<li>Gu\u00eda de habla hispana.<\/li>\n\n\n\n<li>Documentos de viaje se entregar\u00e1n en formato digital para descargar en su dispositivo m\u00f3vil.<\/li>\n\n\n\n<li>Impuesto Zarpe a Isla del Rosario en Cartagena.<\/li>\n<\/ul>\n\n\n\n<p>El paquete no incluye:<\/p>\n\n\n\n<ul class=\"wp-block-list\">\n<li>Tarjeta de Asistencia Tur\u00edstica (seguro de viajero). Consultar opciones.<\/li>\n\n\n\n<li>Ning\u00fan servicio no especificado.<\/li>\n\n\n\n<li>Gastos personales y propinas.<\/li>\n\n\n\n<li>Actividades acu\u00e1ticas, snorkel, entrada al Acuario, Buceo con tanque, etc.<\/li>\n<\/ul>\n\n\n\n<p>Precios cotizados en d\u00f3lares americanos, pagaderos en Moneda Nacional al tipo de cambio del d\u00eda Los precios indicados son informativos y deben ser conformados antes de su compra ya que est\u00e1n sujetos a cambio sin previo aviso. Para obtener el costo exacto a pagar a tipo de cambio del d\u00eda, comun\u00edquese con nosotros. Consulte impuestos y suplementos.<\/p>\n","protected":false},"excerpt":{"rendered":"<p>MT-52284 Medell\u00edn y Cartagena Ciudades Visitadas:&nbsp;Colombia Duraci\u00f3n:&nbsp;8 D\u00edas y 7 Noches Desde:878 USD + 340 Imp Fecha(s) de salida: Diarias Vigencia:&nbsp;Precios vigentes hasta el 06\/12\/2023 Aerolinea INCLUYE VUELO Itinerario D\u00cdA 1 M\u00c9XICO \u2013 MEDELL\u00cdNSalida en vuelo regular con destino la Ciudad de Medell\u00edn, Colombia. Llegada, recepci\u00f3n y traslado al hotel. Alojamiento. D\u00cdA 2 MEDELL\u00cdN \u2013 [&hellip;]<\/p>\n","protected":false},"author":1,"featured_media":0,"parent":0,"menu_order":0,"comment_status":"closed","ping_status":"closed","template":"","meta":{"om_disable_all_campaigns":false,"_monsterinsights_skip_tracking":false,"_monsterinsights_sitenote_active":false,"_monsterinsights_sitenote_note":"","_monsterinsights_sitenote_category":0,"site-sidebar-layout":"default","site-content-layout":"","ast-site-content-layout":"default","site-content-style":"default","site-sidebar-style":"default","ast-global-header-display":"","ast-banner-title-visibility":"","ast-main-header-display":"","ast-hfb-above-header-display":"","ast-hfb-below-header-display":"","ast-hfb-mobile-header-display":"","site-post-title":"disabled","ast-breadcrumbs-content":"","ast-featured-img":"","footer-sml-layout":"","ast-disable-related-posts":"","theme-transparent-header-meta":"","adv-header-id-meta":"","stick-header-meta":"","header-above-stick-meta":"","header-main-stick-meta":"","header-below-stick-meta":"","astra-migrate-meta-layouts":"set","ast-page-background-enabled":"default","ast-page-background-meta":{"desktop":{"background-color":"","background-image":"","background-repeat":"repeat","background-position":"center center","background-size":"auto","background-attachment":"scroll","background-type":"","background-media":"","overlay-type":"","overlay-color":"","overlay-opacity":"","overlay-gradient":""},"tablet":{"background-color":"","background-image":"","background-repeat":"repeat","background-position":"center center","background-size":"auto","background-attachment":"scroll","background-type":"","background-media":"","overlay-type":"","overlay-color":"","overlay-opacity":"","overlay-gradient":""},"mobile":{"background-color":"","background-image":"","background-repeat":"repeat","background-position":"center center","background-size":"auto","background-attachment":"scroll","background-type":"","background-media":"","overlay-type":"","overlay-color":"","overlay-opacity":"","overlay-gradient":""}},"ast-content-background-meta":{"desktop":{"background-color":"var(--ast-global-color-5)","background-image":"","background-repeat":"repeat","background-position":"center center","background-size":"auto","background-attachment":"scroll","background-type":"","background-media":"","overlay-type":"","overlay-color":"","overlay-opacity":"","overlay-gradient":""},"tablet":{"background-color":"var(--ast-global-color-5)","background-image":"","background-repeat":"repeat","background-position":"center center","background-size":"auto","background-attachment":"scroll","background-type":"","background-media":"","overlay-type":"","overlay-color":"","overlay-opacity":"","overlay-gradient":""},"mobile":{"background-color":"var(--ast-global-color-5)","background-image":"","background-repeat":"repeat","background-position":"center center","background-size":"auto","background-attachment":"scroll","background-type":"","background-media":"","overlay-type":"","overlay-color":"","overlay-opacity":"","overlay-gradient":""}},"footnotes":""},"class_list":["post-625","page","type-page","status-publish","hentry"],"aioseo_notices":[],"_links":{"self":[{"href":"https:\/\/camaratravel.com\/index.php?rest_route=\/wp\/v2\/pages\/625","targetHints":{"allow":["GET"]}}],"collection":[{"href":"https:\/\/camaratravel.com\/index.php?rest_route=\/wp\/v2\/pages"}],"about":[{"href":"https:\/\/camaratravel.com\/index.php?rest_route=\/wp\/v2\/types\/page"}],"author":[{"embeddable":true,"href":"https:\/\/camaratravel.com\/index.php?rest_route=\/wp\/v2\/users\/1"}],"replies":[{"embeddable":true,"href":"https:\/\/camaratravel.com\/index.php?rest_route=%2Fwp%2Fv2%2Fcomments&post=625"}],"version-history":[{"count":4,"href":"https:\/\/camaratravel.com\/index.php?rest_route=\/wp\/v2\/pages\/625\/revisions"}],"predecessor-version":[{"id":1677,"href":"https:\/\/camaratravel.com\/index.php?rest_route=\/wp\/v2\/pages\/625\/revisions\/1677"}],"wp:attachment":[{"href":"https:\/\/camaratravel.com\/index.php?rest_route=%2Fwp%2Fv2%2Fmedia&parent=625"}],"curies":[{"name":"wp","href":"https:\/\/api.w.org\/{rel}","templated":true}]}}