{"id":609,"date":"2023-10-06T01:39:07","date_gmt":"2023-10-06T01:39:07","guid":{"rendered":"https:\/\/camaratravel.com\/?page_id=609"},"modified":"2023-11-10T00:20:08","modified_gmt":"2023-11-10T00:20:08","slug":"con-sabor-a-colombia","status":"publish","type":"page","link":"https:\/\/camaratravel.com\/?page_id=609","title":{"rendered":"Con Sabor a Colombia"},"content":{"rendered":"\n<div class=\"wp-block-cover is-light\" style=\"padding-top:var(--wp--preset--spacing--80);padding-bottom:var(--wp--preset--spacing--80);min-height:50px;aspect-ratio:unset;\"><span aria-hidden=\"true\" class=\"wp-block-cover__background has-vivid-green-cyan-background-color has-background-dim-100 has-background-dim\"><\/span><div class=\"wp-block-cover__inner-container is-layout-flow wp-block-cover-is-layout-flow\">\n<p class=\"has-text-align-center has-large-font-size\"><\/p>\n<\/div><\/div>\n\n\n\n<p>MT-52179 Con Sabor a Colombia<\/p>\n\n\n\n<p><strong>Ciudades Visitadas:<\/strong>&nbsp;Colombia<\/p>\n\n\n\n<figure class=\"wp-block-image\"><img decoding=\"async\" src=\"https:\/\/one.cdnmega.com\/images\/viajes\/covers\/con-sabor-a-colombia-1024x575_63c741fc6076e.webp\" alt=\"\"\/><\/figure>\n\n\n\n<p><strong>Duraci\u00f3n:<\/strong>&nbsp;8 D\u00edas y 7 Noches<\/p>\n\n\n\n<p><strong>Desde:<\/strong>799 USD + 399 Imp<\/p>\n\n\n\n<p><strong>Fecha(s) de salida:<\/strong><\/p>\n\n\n\n<h3 class=\"wp-block-heading\">Salidas para el a\u00f1o 2024<\/h3>\n\n\n\n<p>Enero: 11, 12, 13, 14, 15, 19, 20, 21, 22, 25, 26, 27, 28, 29<br>Febrero: 01, 02, 03, 04, 05, 08, 09, 10, 11, 12, 15, 16, 17, 18, 19, 22, 23, 24, 26, 29<br>Marzo: 01, 02, 03, 04, 08, 09, 10, 11, 14, 15, 16, 17, 18<br>Abril: 05, 06, 07, 08, 11, 12, 13, 14, 15, 18, 19, 20, 21, 22, 26, 27, 28, 29<br>Mayo: 02, 03, 04, 05, 06, 09, 10, 11, 12, 13, 16, 18, 19, 20, 23, 24, 25, 26, 27, 30, 31<br>Junio: 01, 02, 03, 06, 08, 09, 14, 15, 16, 17<\/p>\n\n\n\n<p><strong>Vigencia:<\/strong>&nbsp;Precios vigentes hasta el 26\/11\/2023<\/p>\n\n\n\n<p><strong>Aerolinea<\/strong><\/p>\n\n\n\n<h5 class=\"wp-block-heading\">INCLUYE VUELO<\/h5>\n\n\n\n<figure class=\"wp-block-image\"><img decoding=\"async\" src=\"https:\/\/one.cdnmega.com\/images\/aerolineas\/iata\/AV.png\" alt=\"Avianca\"\/><\/figure>\n\n\n\n<p>Itinerario<\/p>\n\n\n\n<p><strong>D\u00cdA 1 M\u00c9XICO \u2013 BOGOT\u00c1 \u2013 Visita de Ciudad, Monserrate y Museo del Oro&nbsp;<\/strong><br>Hoy conocer\u00e1s el centro hist\u00f3rico de Bogot\u00e1, en compa\u00f1\u00eda de uno de los representantes, quien te recoger\u00e1 en el lobby del hotel. &nbsp;Este recorrido peatonal inicia en la Plaza de Bol\u00edvar, visitaremos sus calles aleda\u00f1as y podr\u00e1s apreciar edificaciones como el Capitolio Nacional, centro del Congreso y joya arquitect\u00f3nica de Bogot\u00e1, la Casa de los Comuneros, Iglesia Museo Santa Clara, la Casa de Nari\u00f1o, sede de la Presidencia y donde naci\u00f3 Antonio Nari\u00f1o, precursor de la Independencia Colombiana. Entraremos al Museo del Oro, cuya arquitectura hace referencia a la cosmolog\u00eda ind\u00edgena y posee unas 34.000 piezas de orfebrer\u00eda de diversas culturas prehisp\u00e1nicas. Posteriormente, recorreremos la exposici\u00f3n Botero donde se encuentra la donaci\u00f3n de arte del maestro Colombiano. Ahora, nos preparamos para estar a 3.152 metros m\u00e1s cerca de las estrellas y conocer el majestuoso Cerro de Monserrate, vig\u00eda silencioso de la ciudad de Bogot\u00e1. En \u00e9l se encuentra el santuario donde se venera la imagen del Se\u00f1or Ca\u00eddo de Monserrate. Los domingos el tour con ascenso a Monserrate opera sujeto a disponibilidad y bajo solicitud. Descenso y traslado al hotel. Resto del d\u00eda libre. Alojamiento en Bogot\u00e1.&nbsp;<br>NOTA: El Museo del Oro est\u00e1 cerrado el lunes y los martes est\u00e1 cerrada la Exposici\u00f3n Botero.<\/p>\n\n\n\n<p><strong>D\u00cdA 2 BOGOT\u00c1&nbsp;<\/strong><br>Dia libre para actividades personales. Recomendamos realizar una excursi\u00f3n a la Catedral de Zipaquir\u00e1, visitar una finca Cafetalera o bien disfrutar la Ciudad. Alojamiento en Bogot\u00e1.<\/p>\n\n\n\n<p><strong>D\u00cdA 3 BOGOT\u00c1 \u2013 MEDELL\u00cdN \u2013 Visita de ciudad<\/strong><br>A la hora indicada traslado al aeropuerto para tomar vuelo con destino a la Ciudad de Medell\u00edn. Recibimiento en el aeropuerto y traslado al hotel, para dejar equipaje y continuar con un recorrido panor\u00e1mico por algunos lugares tur\u00edsticos de Medell\u00edn. Empezaremos por el barrio El Poblado, centro financiero, hotelero y comercial; el Cerro Nutibara, mirador natural de Medell\u00edn y en cuya cima se encuentra una r\u00e9plica de un t\u00edpico pueblo antioque\u00f1o. Tambi\u00e9n podr\u00e1s observar durante el recorrido algunos de los espacios pedag\u00f3gicos y de cultura que esta ciudad tiene para ofrecer: el Jard\u00edn Bot\u00e1nico, el Parque Explora, el Parque de los Deseos y el Parque de los Pies Descalzos. La Catedral Bas\u00edlica Metropolitana de Medell\u00edn es la construcci\u00f3n en adobe m\u00e1s grande del mundo. Por supuesto, no podr\u00e1s perderte la Plaza Botero, donde se encuentran 23 esculturas en bronce al aire libre del maestro colombiano Fernando Botero, reconocido artista paisa. Adicionalmente, disfrutar\u00e1s de un recorrido por el metrocable de Medell\u00edn. Al final, regreso al hotel. &nbsp;Alojamiento en Medell\u00edn.&nbsp;<\/p>\n\n\n\n<p><strong>D\u00cdA 4 MEDELL\u00cdN<\/strong><br>Dia libre para realizar actividades personales. Recomendamos un tour de d\u00eda completo para conocer Guatap\u00e9. Alojamiento en Medell\u00edn.<\/p>\n\n\n\n<p><strong>D\u00cdA 5&nbsp;MEDELL\u00cdN \u2013 CARTAGENA&nbsp;<\/strong><br>A la hora indicada traslado al aeropuerto para tomar vuelo con destino a la Ciudad de Cartagena. Llegada, recepci\u00f3n y traslado al hotel elegido. Alojamiento en Cartagena.&nbsp;<\/p>\n\n\n\n<p><strong>D\u00cdA 6 CARTAGENA \u2013 Visita de Ciudad con Castillo de San Felipe&nbsp;<\/strong><br>Cartagena de Indias, es uno de los destinos m\u00e1s tur\u00edsticos de este pa\u00eds. &nbsp;En ella, encuentras toda la alegr\u00eda, el sabor y el color de la regi\u00f3n caribe. A la hora acordada, un representante te recoger\u00e1 en tu hotel, para acompa\u00f1arte en este maravilloso recorrido por la ciudad. Pasaremos por la moderna Bocagrande, con sus playas y zonas comerciales, continuaremos al barrio de Manga, donde el contraste entre la arquitectura republicana y los modernos edificios te asombrar\u00e1. Llegaremos a una de las joyas de la ciudad: el Castillo o fuerte de San Felipe de Barajas, construido por los espa\u00f1oles, para defenderse de los piratas y posteriormente, de los ingleses, en el siglo XVII. Continuaremos con una breve caminata por el centro hist\u00f3rico de esta hermosa ciudad, visitando la iglesia San Pedro Claver, lugar donde se encuentran los restos del santo, conocido como el Ap\u00f3stol de los Negros, y declarado defensor de los derechos humanos. Durante este recorrido, tendr\u00e1s la posibilidad de visitar una joyer\u00eda en la que encontrar\u00e1s diversos art\u00edculos que muestran la belleza de las esmeraldas. Regreso al hotel, resto del d\u00eda libre. Alojamiento en Cartagena.&nbsp;<\/p>\n\n\n\n<p><strong>D\u00cdA 7 CARTAGENA<\/strong>&nbsp;<br>D\u00eda libre para realizar actividades personales. Recomendamos realizar la excursi\u00f3n a Islas del Rosario para disfrutar un d\u00eda de playa. Alojamiento en Cartagena.<\/p>\n\n\n\n<p><strong>D\u00cdA 8 CARTAGENA \u2013 M\u00c9XICO &nbsp;<\/strong><br>A la hora convenida traslado al aeropuerto para tomar el vuelo regular con destino a la Ciudad de M\u00e9xico.<\/p>\n\n\n\n<p><small><strong>Nota: Consultar orden de&nbsp;itinerario de las salidas:<br>Octubre: 12, 26, 29<br>Noviembre:&nbsp;01, 02, 04, 09, 16<\/strong><\/small><strong>&nbsp;&nbsp;&nbsp;&nbsp;&#8230;FIN DE NUESTROS SERVICIOS<\/strong><\/p>\n\n\n\n<p>Precios y Hoteles:<\/p>\n\n\n\n<figure class=\"wp-block-table\"><table><tbody><tr><td colspan=\"5\"><strong>SALIDAS 2023<\/strong><\/td><\/tr><tr><td><strong>CATEGOR\u00cdA<\/strong><\/td><td><strong>TRIPLE<\/strong><\/td><td><strong>DOBLE<\/strong><\/td><td><strong>SGL<\/strong><\/td><td><strong>MNR<\/strong><\/td><\/tr><tr><td>Hoteles 4 estrellas<\/td><td>$ 789<\/td><td>$ 799<\/td><td>$ 1,119<\/td><td>$639<\/td><\/tr><tr><td colspan=\"5\"><strong>SALIDAS 2024<\/strong><\/td><\/tr><tr><td><strong>CATEGOR\u00cdA<\/strong><\/td><td><strong>TRIPLE<\/strong><\/td><td><strong>DOBLE<\/strong><\/td><td><strong>SGL<\/strong><\/td><td><strong>MNR<\/strong><\/td><\/tr><tr><td>Hoteles 4 estrellas<\/td><td>$ 889<\/td><td>$ 899<\/td><td>$ 1,219<\/td><td>$699<\/td><\/tr><\/tbody><\/table><\/figure>\n\n\n\n<p><strong>IMPUESTOS Y SUPLEMENTOS<\/strong><\/p>\n\n\n\n<figure class=\"wp-block-table\"><table><tbody><tr><td>Impuestos a\u00e9reos<\/td><td>$ 399<\/td><\/tr><tr><td colspan=\"4\"><strong>SALIDAS 2024<\/strong><\/td><\/tr><tr><td>Enero:&nbsp;22, 25, 26<\/td><td>$ 59<\/td><\/tr><tr><td>Abril: 26<br>Mayo: 09, 30<br>Junio 06, 14, 15, 16 17<\/td><td>$ 120<\/td><\/tr><tr><td>Marzo: 16, 17, 18<\/td><td>$ 145<\/td><\/tr><tr><td>Febrero: 11, 12, 15, 16<\/td><td>$ 170<\/td><\/tr><\/tbody><\/table><\/figure>\n\n\n\n<p>\u2013 Precios indicados en USD, pagaderos en Moneda Nacional al tipo de cambio del d\u00eda.<br>\u2013 Los precios cambian constantemente, as\u00ed que te sugerimos la verificaci\u00f3n de estos, y no utilizar este documento como definitivo.<br>\u2013 Habitaciones triples cupo limitado, favor de consultar. Se considera doble + roll away<br>\u2013&nbsp;Menores \u00fanicamente hasta los 03 a\u00f1os 11 meses con cama, compartiendo cama con sus padres. A partir de los 04 a\u00f1os se pide cama adicional y pagan como adulto. M\u00e1ximo 01 menor por habitaci\u00f3n doble.&nbsp;<\/p>\n\n\n\n<figure class=\"wp-block-table\"><table><tbody><tr><td colspan=\"4\"><strong>HOTELES PREVISTOS O SIMILARES<\/strong><\/td><\/tr><tr><td><strong>HOTEL<\/strong><\/td><td><strong>CIUDAD<\/strong><\/td><td><strong>TIPO<\/strong><\/td><td><strong>PA\u00cdS<\/strong><\/td><\/tr><tr><td>Best Western 93<\/td><td>Bogot\u00e1<\/td><td>4 Estrellas<\/td><td>Colombia<\/td><\/tr><tr><td>Poblado Alejandr\u00eda<\/td><td>Medellin<\/td><td>3 Estrellas<\/td><td>Colombia<\/td><\/tr><tr><td>Holiday Inn Express Cartagena<\/td><td>Cartagena<\/td><td>3 Estrellas<\/td><td>Colombia<\/td><\/tr><tr><td colspan=\"4\">\u00c9sta es la relaci\u00f3n de los hoteles utilizados m\u00e1s frecuentemente en este circuito. Reflejada tan s\u00f3lo a efectos indicativos, pudiendo ser el pasajero alojado en establecimientos similares o alternativos<\/td><\/tr><\/tbody><\/table><\/figure>\n\n\n\n<p>El paquete incluye<\/p>\n\n\n\n<ul class=\"wp-block-list\">\n<li>Boleto de avi\u00f3n M\u00e9xico \u2013 Bogot\u00e1 \u2013 Medell\u00edn \u2013 Cartagena \u2013 Bogot\u00e1 \u2013 M\u00e9xico.<\/li>\n\n\n\n<li>Traslados aeropuerto \u2013 hotel \u2013 aeropuerto.<\/li>\n\n\n\n<li>02 noches de alojamiento en Bogot\u00e1 en el hotel seleccionado.<\/li>\n\n\n\n<li>02 noches de alojamiento en Medell\u00edn en el hotel seleccionado.<\/li>\n\n\n\n<li>03 noches de alojamiento en Cartagena en el hotel seleccionado.<\/li>\n\n\n\n<li>Desayunos diarios.<\/li>\n\n\n\n<li>Visitas indicadas en el itinerario.<\/li>\n\n\n\n<li>Gu\u00eda de habla hispana.<\/li>\n\n\n\n<li>Documentos de viaje se entregar\u00e1n en formato digital para descargar en su dispositivo m\u00f3vil.<\/li>\n<\/ul>\n\n\n\n<p>El paquete no incluye:<\/p>\n\n\n\n<ul class=\"wp-block-list\">\n<li>Tarjeta de Asistencia Tur\u00edstica (seguro de viajero). Consultar opciones.<\/li>\n\n\n\n<li>Ning\u00fan servicio no especificado.<\/li>\n\n\n\n<li>Excursiones marcadas como opcionales.<\/li>\n\n\n\n<li>Gastos personales y propinas a maleteros, trasladistas y meseros.<\/li>\n\n\n\n<li>Actividades acu\u00e1ticas, snorkel, buceo con tanque, etc.<\/li>\n<\/ul>\n\n\n\n<p>Precios cotizados en d\u00f3lares americanos, pagaderos en Moneda Nacional al tipo de cambio del d\u00eda Los precios indicados son informativos y deben ser conformados antes de su compra ya que est\u00e1n sujetos a cambio sin previo aviso. Para obtener el costo exacto a pagar a tipo de cambio del d\u00eda, comun\u00edquese con nosotros. Consulte impuestos y suplementos.<\/p>\n","protected":false},"excerpt":{"rendered":"<p>MT-52179 Con Sabor a Colombia Ciudades Visitadas:&nbsp;Colombia Duraci\u00f3n:&nbsp;8 D\u00edas y 7 Noches Desde:799 USD + 399 Imp Fecha(s) de salida: Salidas para el a\u00f1o 2024 Enero: 11, 12, 13, 14, 15, 19, 20, 21, 22, 25, 26, 27, 28, 29Febrero: 01, 02, 03, 04, 05, 08, 09, 10, 11, 12, 15, 16, 17, 18, 19, [&hellip;]<\/p>\n","protected":false},"author":1,"featured_media":0,"parent":0,"menu_order":0,"comment_status":"closed","ping_status":"closed","template":"","meta":{"om_disable_all_campaigns":false,"_monsterinsights_skip_tracking":false,"_monsterinsights_sitenote_active":false,"_monsterinsights_sitenote_note":"","_monsterinsights_sitenote_category":0,"site-sidebar-layout":"default","site-content-layout":"","ast-site-content-layout":"default","site-content-style":"default","site-sidebar-style":"default","ast-global-header-display":"","ast-banner-title-visibility":"","ast-main-header-display":"","ast-hfb-above-header-display":"","ast-hfb-below-header-display":"","ast-hfb-mobile-header-display":"","site-post-title":"disabled","ast-breadcrumbs-content":"","ast-featured-img":"","footer-sml-layout":"","ast-disable-related-posts":"","theme-transparent-header-meta":"","adv-header-id-meta":"","stick-header-meta":"","header-above-stick-meta":"","header-main-stick-meta":"","header-below-stick-meta":"","astra-migrate-meta-layouts":"set","ast-page-background-enabled":"default","ast-page-background-meta":{"desktop":{"background-color":"","background-image":"","background-repeat":"repeat","background-position":"center center","background-size":"auto","background-attachment":"scroll","background-type":"","background-media":"","overlay-type":"","overlay-color":"","overlay-opacity":"","overlay-gradient":""},"tablet":{"background-color":"","background-image":"","background-repeat":"repeat","background-position":"center center","background-size":"auto","background-attachment":"scroll","background-type":"","background-media":"","overlay-type":"","overlay-color":"","overlay-opacity":"","overlay-gradient":""},"mobile":{"background-color":"","background-image":"","background-repeat":"repeat","background-position":"center center","background-size":"auto","background-attachment":"scroll","background-type":"","background-media":"","overlay-type":"","overlay-color":"","overlay-opacity":"","overlay-gradient":""}},"ast-content-background-meta":{"desktop":{"background-color":"var(--ast-global-color-5)","background-image":"","background-repeat":"repeat","background-position":"center center","background-size":"auto","background-attachment":"scroll","background-type":"","background-media":"","overlay-type":"","overlay-color":"","overlay-opacity":"","overlay-gradient":""},"tablet":{"background-color":"var(--ast-global-color-5)","background-image":"","background-repeat":"repeat","background-position":"center center","background-size":"auto","background-attachment":"scroll","background-type":"","background-media":"","overlay-type":"","overlay-color":"","overlay-opacity":"","overlay-gradient":""},"mobile":{"background-color":"var(--ast-global-color-5)","background-image":"","background-repeat":"repeat","background-position":"center center","background-size":"auto","background-attachment":"scroll","background-type":"","background-media":"","overlay-type":"","overlay-color":"","overlay-opacity":"","overlay-gradient":""}},"footnotes":""},"class_list":["post-609","page","type-page","status-publish","hentry"],"aioseo_notices":[],"_links":{"self":[{"href":"https:\/\/camaratravel.com\/index.php?rest_route=\/wp\/v2\/pages\/609","targetHints":{"allow":["GET"]}}],"collection":[{"href":"https:\/\/camaratravel.com\/index.php?rest_route=\/wp\/v2\/pages"}],"about":[{"href":"https:\/\/camaratravel.com\/index.php?rest_route=\/wp\/v2\/types\/page"}],"author":[{"embeddable":true,"href":"https:\/\/camaratravel.com\/index.php?rest_route=\/wp\/v2\/users\/1"}],"replies":[{"embeddable":true,"href":"https:\/\/camaratravel.com\/index.php?rest_route=%2Fwp%2Fv2%2Fcomments&post=609"}],"version-history":[{"count":4,"href":"https:\/\/camaratravel.com\/index.php?rest_route=\/wp\/v2\/pages\/609\/revisions"}],"predecessor-version":[{"id":1664,"href":"https:\/\/camaratravel.com\/index.php?rest_route=\/wp\/v2\/pages\/609\/revisions\/1664"}],"wp:attachment":[{"href":"https:\/\/camaratravel.com\/index.php?rest_route=%2Fwp%2Fv2%2Fmedia&parent=609"}],"curies":[{"name":"wp","href":"https:\/\/api.w.org\/{rel}","templated":true}]}}