{"id":518,"date":"2023-10-04T03:58:35","date_gmt":"2023-10-04T03:58:35","guid":{"rendered":"https:\/\/camaratravel.com\/?page_id=518"},"modified":"2023-11-10T04:44:03","modified_gmt":"2023-11-10T04:44:03","slug":"mega-vancouver","status":"publish","type":"page","link":"https:\/\/camaratravel.com\/?page_id=518","title":{"rendered":"Mega Vancouver"},"content":{"rendered":"\n<div class=\"wp-block-cover is-light\" style=\"padding-top:var(--wp--preset--spacing--80);padding-bottom:var(--wp--preset--spacing--80);min-height:50px;aspect-ratio:unset;\"><span aria-hidden=\"true\" class=\"wp-block-cover__background has-vivid-green-cyan-background-color has-background-dim-100 has-background-dim\"><\/span><div class=\"wp-block-cover__inner-container is-layout-flow wp-block-cover-is-layout-flow\">\n<p class=\"has-text-align-center has-large-font-size\"><\/p>\n<\/div><\/div>\n\n\n\n<p>MT-41537 Mega Vancouver<\/p>\n\n\n\n<p><strong>Ciudades Visitadas:<\/strong>&nbsp;Canad\u00e1<\/p>\n\n\n\n<figure class=\"wp-block-image\"><img decoding=\"async\" src=\"https:\/\/one.cdnmega.com\/images\/viajes\/covers\/41537-banner-1024x575px_6501fa876f7db.webp\" alt=\"\"\/><\/figure>\n\n\n\n<p><strong>Duraci\u00f3n:<\/strong>&nbsp;6 D\u00edas y 5 Noches<\/p>\n\n\n\n<p><strong>Desde:<\/strong>599 USD + 499 Imp<\/p>\n\n\n\n<p><strong>Fecha(s) de salida:<\/strong><\/p>\n\n\n\n<p><br>Noviembre: 14<br>Diciembre: 12<\/p>\n\n\n\n<h3 class=\"wp-block-heading\">Salidas para el a\u00f1o 2024<\/h3>\n\n\n\n<p>Enero: 09, 23<br>Febrero: 01, 20<br>Marzo: 17, 26<br>Abril: 02, 16, 30<br>Mayo: 12, 20<\/p>\n\n\n\n<p><strong>Vigencia:<\/strong>&nbsp;Precios vigentes hasta el 20\/05\/2024<\/p>\n\n\n\n<p><strong>Aerolinea<\/strong><\/p>\n\n\n\n<h5 class=\"wp-block-heading\">INCLUYE VUELO<\/h5>\n\n\n\n<figure class=\"wp-block-image\"><img decoding=\"async\" src=\"https:\/\/one.cdnmega.com\/images\/aerolineas\/iata\/AM.png\" alt=\"Aeromexico\"\/><\/figure>\n\n\n\n<p>Itinerario<\/p>\n\n\n\n<p><strong>D\u00cdA 1 M\u00c9XICO \u2013 VANCOUVER<\/strong><br>Presentarse 3 horas antes de su salida en el aeropuerto internacional de la ciudad de M\u00e9xico para tomar el vuelo con destino a Vancouver. Llegada, recepci\u00f3n y traslado a su hotel. Alojamiento.<\/p>\n\n\n\n<p><strong>D\u00cdA 2 VANCOUVER<\/strong><br>Tour de Ciudad de Vancouver. Comenzamos el tour por Yaletown, para pasar al ex\u00f3tico Chinatown, el m\u00e1s grande de Canad\u00e1. Legaremos al barrio m\u00e1s antiguo de la ciudad, el entra\u00f1able Gastown, con un original reloj de vapor y las peque\u00f1as tiendas, galer\u00edas y restaurantes de primera categor\u00eda. La terminal de cruceros a Alaska, Canada Place, se ha convertido en un s\u00edmbolo de la ciudad con su techo blanco en forma de cinco velas. A unos minutos del puerto llegamos a Stanley Park, ofreci\u00e9ndonos una maravillosa vista de la bah\u00eda, de la ciudad y de las Monta\u00f1as Costeras. Paramos para sacar fotos de unos aut\u00e9nticos t\u00f3tems ind\u00edgenas. A la salida del parque podemos observar la playa de English Bay, siguiendo el paseo hasta el Puente Burrard. Entraremos a Granville Island con su artesan\u00eda local y el ambiente marinero en el peque\u00f1o puerto deportivo. Tarde libre. Alojamiento.<\/p>\n\n\n\n<p><strong>D\u00cdA 3 VANCOUVER<\/strong><br>D\u00eda Libre. Alojamiento.<br>Posibilidad de realizar la excursi\u00f3n opcional a Victoria. El d\u00eda empieza con un viaje de 1.5 horas en el ferry que nos trasladar\u00e1 a la Isla de Vancouver. Navegaremos entre un archipi\u00e9lago con peque\u00f1as comunidades. Ya en la isla, nuestra primera visita ser\u00e1 a los hermosos Jardines Butchart con entrada incluida, los jardines m\u00e1s famosos de Am\u00e9rica por su variedad incre\u00edble de flores y \u00e1rboles. Continuaremos hacia el centro de la ciudad, donde tendremos tiempo libre para visitar opcionalmente el Museo Real de la Columbia Brit\u00e1nica con sus exhibiciones dedicadas a la historia de la provincia y las comunidades ind\u00edgenas. El Hotel Fairmont Empress, frente a la bah\u00eda, es el edificio m\u00e1s fotografiado en Victoria, y no hay que olvidar el paseo por Government Street con tiendas originales mostrando sus productos de origen brit\u00e1nico. &nbsp;Al final de la tarde regreso a Vancouver v\u00eda ferry. Excursi\u00f3n de d\u00eda completo.&nbsp;<\/p>\n\n\n\n<p><strong>D\u00cdA 4 VANCOUVER<\/strong><br>D\u00eda Libre. Alojamiento.<br>Posibilidad de realizar excursi\u00f3n opcional a Whistler. Saliendo de Vancouver nos adentraremos en una de las carreteras m\u00e1s reconocidas por su espectacularidad: Sea to Sky Highway. Haremos la primera parada en las imponentes cascadas Shannon, que, con sus 333 m de ca\u00edda, son el \u00faltimo escalaf\u00f3n que las g\u00e9lidas aguas recorren antes de caer al mar. Pasando por el pueblo de Squamish se levanta majestuoso el monolito de granito m\u00e1s alto de Canad\u00e1, el Stawamus Chief, mejor conocido como &#8220;The Chief&#8221; de 700 m de altura. Llegamos a la Villa de Whistler la cual cuenta con infinidad de tiendas y restaurantes que son un deleite para el viajero que busca el recuerdo m\u00e1s adecuado mientras admira el paisaje de Montanas. Tiempo libre para disfrutar de la villa. Por la tarde regreso a Vancouver. Excursi\u00f3n de d\u00eda completo.&nbsp;<\/p>\n\n\n\n<p><strong>D\u00cdA 5 VANCOUVER<\/strong><br>D\u00eda Libre. Alojamiento.<br>Posibilidad de realizar opcionalmente el Tour Norte de Vancouver. Disfrutando de una experiencia \u00fanica cuando atraviesen el puente colgante, Capilano Suspension Bridge, con su vista impresionante vista al ca\u00f1\u00f3n, y el telef\u00e9rico que nos llevar\u00e1 a la cima de Grouse Mountain. Excursi\u00f3n de medio d\u00eda.<\/p>\n\n\n\n<p><strong>D\u00cdA 6 VANCOUVER \u2013 M\u00c9XICO<\/strong><br>A la hora establecida traslado al McArthurGlen Designer Outlet Vancouver Airport, donde les entregar\u00e1 su Pasaporte de la Moda, con el cual recibir\u00e1 un 10% de descuento extra en tiendas seleccionadas en el d\u00eda de su visita. A solo 30 minutos del centro de Vancouver, este hermoso centro de compras al estilo de una villa europea cuenta con instalaciones al aire libre, con hermosas plazas, arte p\u00fablico, calles adoquinadas y bulevares arbolados. El centro cuenta con todo lo que necesita, desde marcas de lujo como Armani, Hugo Boss, Coach y Polo Ralph Lauren, a marcas de moda urbana-casual como Gap, Levi\u2019s, Banana Republic y J. Crew, hay suficiente variedad como para satisfacer a los m\u00e1s adictos a las compras. \u00a1Consiga entre el 30% y el 70% de descuento en muchas de las tiendas! Disfrute de impresionantes descuentos en las m\u00e1s codiciadas marcas de dise\u00f1o. A la hora coordinada, traslado al aeropuerto de Vancouver para tomar el vuelo de regreso a casa.<\/p>\n\n\n\n<p><strong>*El orden de las visitas puede modificarse*<\/strong><strong>&nbsp;&nbsp;&nbsp;&nbsp;&#8230;FIN DE NUESTROS SERVICIOS<\/strong><\/p>\n\n\n\n<p>Precios y Hoteles:<\/p>\n\n\n\n<figure class=\"wp-block-table\"><table><tbody><tr><td colspan=\"5\"><strong>SALIDAS 2023<\/strong><\/td><\/tr><tr><td><strong>CPL<\/strong><\/td><td><strong>TRIPLE<\/strong><\/td><td><strong>DOBLE<\/strong><\/td><td><strong>SGL<\/strong><\/td><td><strong>MNR<\/strong><\/td><\/tr><tr><td>$ 599<\/td><td>$ 699<\/td><td>$ 799<\/td><td>$ 1,399<\/td><td>$ 499<\/td><\/tr><tr><td colspan=\"5\"><strong>SALIDAS 2024<\/strong><\/td><\/tr><tr><td><strong>CPL<\/strong><\/td><td><strong>TRIPLE<\/strong><\/td><td><strong>DOBLE<\/strong><\/td><td><strong>SGL<\/strong><\/td><td><strong>MNR<\/strong><\/td><\/tr><tr><td>$ 699<\/td><td>$ 799<\/td><td>$ 899<\/td><td>$ 1,499<\/td><td>$ 599<\/td><\/tr><\/tbody><\/table><\/figure>\n\n\n\n<p><strong>IMPUESTOS Y SUPLEMENTOS&nbsp;<\/strong><\/p>\n\n\n\n<figure class=\"wp-block-table\"><table><tbody><tr><td colspan=\"2\"><strong>SALIDAS 2023 IMPUESTOS Y SUPLEMENTOS<\/strong><\/td><\/tr><tr><td>Impuestos a\u00e9reos<\/td><td>$ 499<\/td><\/tr><tr><td>Noviembre: 14<br>Diciembre: 12<\/td><td>$199<\/td><\/tr><tr><td colspan=\"2\"><strong>SALIDAS 2024 IMPUESTOS Y SUPLEMENTOS<\/strong><\/td><\/tr><tr><td>Impuestos a\u00e9reos<\/td><td>$ 599<\/td><\/tr><tr><td>Enero 23<\/td><td>Sin Suplemento<\/td><\/tr><tr><td>Febrero 01, 20<br>Abril 16, 30<\/td><td>$199<\/td><\/tr><tr><td>Enero 09<br>Marzo 17, 26<br>Abril 02<br>Mayo 12 y 20<\/td><td>$299<\/td><\/tr><\/tbody><\/table><\/figure>\n\n\n\n<p>\u2013 Precios indicados en USD, pagaderos en Moneda Nacional al tipo de cambio del d\u00eda.<br>\u2013 Los precios indicados en este itinerario son de car\u00e1cter informativo y deben ser confirmados para realizar su reservaci\u00f3n ya que est\u00e1n sujetos a modificaciones sin previo aviso.<br>\u2013 M\u00e1ximo 4 persona por habitaci\u00f3n entre adultos y menores.<br>\u2013 M\u00ednimo 02 pasajeros para operar<br>\u2013 La tarifa de Menor aplica de 2-10 A\u00f1os, cuando comparte habitaci\u00f3n con 2 adultos.<\/p>\n\n\n\n<figure class=\"wp-block-table\"><table><tbody><tr><td colspan=\"4\"><strong>HOTELES PREVISTOS O SIMILARES<\/strong><\/td><\/tr><tr><td><strong>HOTEL<\/strong><\/td><td><strong>CIUDAD<\/strong><\/td><td><strong>TIPO<\/strong><\/td><td><strong>PA\u00cdS<\/strong><\/td><\/tr><tr><td>Century Plaza<\/td><td>Vancouver<\/td><td>Turista<\/td><td>Canad\u00e1<\/td><\/tr><tr><td colspan=\"4\">\u00c9sta es la relaci\u00f3n de los hoteles utilizados m\u00e1s frecuentemente en este circuito. Reflejada tan s\u00f3lo a efectos indicativos, pudiendo ser el pasajero alojado en establecimientos similares o alternativos<\/td><\/tr><\/tbody><\/table><\/figure>\n\n\n\n<p>El paquete incluye<\/p>\n\n\n\n<ul class=\"wp-block-list\">\n<li>Vuelo viaje redondo M\u00e9xico \u2013 Vancouver \u2013 M\u00e9xico<\/li>\n\n\n\n<li>Traslado de llegada y salida el d\u00eda de inicio y fin del programa.<\/li>\n\n\n\n<li>05 noches de alojamiento<\/li>\n\n\n\n<li>Tour de ciudad de Vancouver en espa\u00f1ol.<\/li>\n\n\n\n<li>Transporte con ch\u00f3fer-gu\u00eda de habla hispana.<\/li>\n\n\n\n<li>Documentos electr\u00f3nicos C\u00f3digo QR (Empresa Socialmente Responsable)<\/li>\n<\/ul>\n\n\n\n<p>El paquete no incluye:<\/p>\n\n\n\n<ul class=\"wp-block-list\">\n<li>Gastos personales y extras en los hoteles<\/li>\n\n\n\n<li>Propinas: 45USD por persona (pagaderos en destino)<\/li>\n\n\n\n<li>Ning\u00fan servicio no especificado como incluido o especificado como opcional<\/li>\n\n\n\n<li>No incluye equipaje documentado<\/li>\n\n\n\n<li>Visa electr\u00f3nica de ingreso a Canad\u00e1 e-TA.<\/li>\n\n\n\n<li>Impuestos a\u00e9reos por persona<\/li>\n<\/ul>\n\n\n\n<p>Precios cotizados en d\u00f3lares americanos, pagaderos en Moneda Nacional al tipo de cambio del d\u00eda Los precios indicados son informativos y deben ser conformados antes de su compra ya que est\u00e1n sujetos a cambio sin previo aviso. Para obtener el costo exacto a pagar a tipo de cambio del d\u00eda, comun\u00edquese con nosotros. Consulte impuestos y suplementos.<\/p>\n","protected":false},"excerpt":{"rendered":"<p>MT-41537 Mega Vancouver Ciudades Visitadas:&nbsp;Canad\u00e1 Duraci\u00f3n:&nbsp;6 D\u00edas y 5 Noches Desde:599 USD + 499 Imp Fecha(s) de salida: Noviembre: 14Diciembre: 12 Salidas para el a\u00f1o 2024 Enero: 09, 23Febrero: 01, 20Marzo: 17, 26Abril: 02, 16, 30Mayo: 12, 20 Vigencia:&nbsp;Precios vigentes hasta el 20\/05\/2024 Aerolinea INCLUYE VUELO Itinerario D\u00cdA 1 M\u00c9XICO \u2013 VANCOUVERPresentarse 3 horas antes [&hellip;]<\/p>\n","protected":false},"author":1,"featured_media":0,"parent":0,"menu_order":0,"comment_status":"closed","ping_status":"closed","template":"","meta":{"om_disable_all_campaigns":false,"_monsterinsights_skip_tracking":false,"_monsterinsights_sitenote_active":false,"_monsterinsights_sitenote_note":"","_monsterinsights_sitenote_category":0,"site-sidebar-layout":"default","site-content-layout":"","ast-site-content-layout":"default","site-content-style":"default","site-sidebar-style":"default","ast-global-header-display":"","ast-banner-title-visibility":"","ast-main-header-display":"","ast-hfb-above-header-display":"","ast-hfb-below-header-display":"","ast-hfb-mobile-header-display":"","site-post-title":"disabled","ast-breadcrumbs-content":"","ast-featured-img":"","footer-sml-layout":"","ast-disable-related-posts":"","theme-transparent-header-meta":"","adv-header-id-meta":"","stick-header-meta":"","header-above-stick-meta":"","header-main-stick-meta":"","header-below-stick-meta":"","astra-migrate-meta-layouts":"set","ast-page-background-enabled":"default","ast-page-background-meta":{"desktop":{"background-color":"","background-image":"","background-repeat":"repeat","background-position":"center center","background-size":"auto","background-attachment":"scroll","background-type":"","background-media":"","overlay-type":"","overlay-color":"","overlay-opacity":"","overlay-gradient":""},"tablet":{"background-color":"","background-image":"","background-repeat":"repeat","background-position":"center center","background-size":"auto","background-attachment":"scroll","background-type":"","background-media":"","overlay-type":"","overlay-color":"","overlay-opacity":"","overlay-gradient":""},"mobile":{"background-color":"","background-image":"","background-repeat":"repeat","background-position":"center center","background-size":"auto","background-attachment":"scroll","background-type":"","background-media":"","overlay-type":"","overlay-color":"","overlay-opacity":"","overlay-gradient":""}},"ast-content-background-meta":{"desktop":{"background-color":"var(--ast-global-color-5)","background-image":"","background-repeat":"repeat","background-position":"center center","background-size":"auto","background-attachment":"scroll","background-type":"","background-media":"","overlay-type":"","overlay-color":"","overlay-opacity":"","overlay-gradient":""},"tablet":{"background-color":"var(--ast-global-color-5)","background-image":"","background-repeat":"repeat","background-position":"center center","background-size":"auto","background-attachment":"scroll","background-type":"","background-media":"","overlay-type":"","overlay-color":"","overlay-opacity":"","overlay-gradient":""},"mobile":{"background-color":"var(--ast-global-color-5)","background-image":"","background-repeat":"repeat","background-position":"center center","background-size":"auto","background-attachment":"scroll","background-type":"","background-media":"","overlay-type":"","overlay-color":"","overlay-opacity":"","overlay-gradient":""}},"footnotes":""},"class_list":["post-518","page","type-page","status-publish","hentry"],"aioseo_notices":[],"_links":{"self":[{"href":"https:\/\/camaratravel.com\/index.php?rest_route=\/wp\/v2\/pages\/518","targetHints":{"allow":["GET"]}}],"collection":[{"href":"https:\/\/camaratravel.com\/index.php?rest_route=\/wp\/v2\/pages"}],"about":[{"href":"https:\/\/camaratravel.com\/index.php?rest_route=\/wp\/v2\/types\/page"}],"author":[{"embeddable":true,"href":"https:\/\/camaratravel.com\/index.php?rest_route=\/wp\/v2\/users\/1"}],"replies":[{"embeddable":true,"href":"https:\/\/camaratravel.com\/index.php?rest_route=%2Fwp%2Fv2%2Fcomments&post=518"}],"version-history":[{"count":4,"href":"https:\/\/camaratravel.com\/index.php?rest_route=\/wp\/v2\/pages\/518\/revisions"}],"predecessor-version":[{"id":1679,"href":"https:\/\/camaratravel.com\/index.php?rest_route=\/wp\/v2\/pages\/518\/revisions\/1679"}],"wp:attachment":[{"href":"https:\/\/camaratravel.com\/index.php?rest_route=%2Fwp%2Fv2%2Fmedia&parent=518"}],"curies":[{"name":"wp","href":"https:\/\/api.w.org\/{rel}","templated":true}]}}